{"id":1173,"date":"2019-11-14T14:13:43","date_gmt":"2019-11-14T13:13:43","guid":{"rendered":"http:\/\/www.lyceecharlescoulomb.fr\/site\/?page_id=1173"},"modified":"2019-11-14T14:29:26","modified_gmt":"2019-11-14T13:29:26","slug":"presentation","status":"publish","type":"page","link":"http:\/\/www.lyceecharlescoulomb.fr\/site\/?page_id=1173","title":{"rendered":"Pr\u00e9sentation"},"content":{"rendered":"\t\t<div data-elementor-type=\"wp-page\" data-elementor-id=\"1173\" class=\"elementor elementor-1173\">\n\t\t\t\t\t\t<section class=\"elementor-section elementor-top-section elementor-element elementor-element-ca87ac6 elementor-section-boxed elementor-section-height-default elementor-section-height-default\" data-id=\"ca87ac6\" data-element_type=\"section\" data-e-type=\"section\">\n\t\t\t\t\t\t<div class=\"elementor-container elementor-column-gap-default\">\n\t\t\t\t\t<div class=\"elementor-column elementor-col-100 elementor-top-column elementor-element elementor-element-ca726ba\" data-id=\"ca726ba\" data-element_type=\"column\" data-e-type=\"column\">\n\t\t\t<div class=\"elementor-widget-wrap elementor-element-populated\">\n\t\t\t\t\t\t<div class=\"elementor-element elementor-element-32762e5 elementor-widget elementor-widget-text-editor\" data-id=\"32762e5\" data-element_type=\"widget\" data-e-type=\"widget\" data-widget_type=\"text-editor.default\">\n\t\t\t\t<div class=\"elementor-widget-container\">\n\t\t\t\t\t\t\t\t\t<h2><span style=\"color: #962b25;\">Objectifs<\/span><\/h2><p>Les P\u00e9riodes de Formation en Milieu Professionnel font partie int\u00e9grante de la formation.<br \/>Elles permettent de r\u00e9aliser les mises en situation obligatoires en milieu professionnel, lieu o\u00f9 l&rsquo;\u00e9l\u00e8ve acquiert certaines comp\u00e9tences \u00ab m\u00e9tier \u00bb qui ne peuvent \u00eatre obtenues qu&rsquo;au contact de la r\u00e9alit\u00e9 professionnelle.<br \/>Elles offrent \u00e0 l&rsquo;\u00e9l\u00e8ve :<\/p><ul><li>la mise en application et la consolidation des comp\u00e9tences acquises au lyc\u00e9e professionnel,<\/li><li>le travail sur des situations r\u00e9elles difficilement simulables au lyc\u00e9e,<\/li><li>l&rsquo;acquisition de nouvelles comp\u00e9tences,<\/li><li>l&rsquo;approfondissement de sa connaissance de l&rsquo;environnement de <br \/>l&rsquo;entreprise et du monde professionnel<\/li><\/ul><p>Les PFMP sont une continuit\u00e9 p\u00e9dagogique entre le lyc\u00e9e professionnel et l&rsquo;entreprise; Elles participent \u00e0 la certification des comp\u00e9tences de certaines \u00e9preuves de l&rsquo;examen.<\/p><h2><span style=\"color: #962b25;\">Dur\u00e9e<\/span><\/h2><p>La dur\u00e9e globale des p\u00e9riodes de formation en milieu professionnel est d\u00e9finie. dans la r\u00e9glementation des dipl\u00f4mes. Elle est variable selon le type de dipl\u00f4me et les objectifs de la formation. Pour le baccalaur\u00e9at professionnel, 22 semaines, r\u00e9parties sur Ies trois ann\u00e9es de formation, dont 6 semaines pour l&rsquo;obtention du BEP (dipl\u00f4me interm\u00e9diaire).<\/p><h2><span style=\"color: #962b25;\">Organisation<\/span><\/h2><p>L&rsquo;organisation des p\u00e9riodes de formation en milieu professionnel prend en compte l&rsquo;accompagnement, par l&rsquo;\u00e9quipe enseignante, de l&rsquo;\u00e9l\u00e8ve dans les diff\u00e9rentes \u00e9t\u00e1pes de &lsquo; pr\u00e9paration, de d\u00e9roulement et d&rsquo;exploitation de cette p\u00e9riode ainsi que la qualit\u00e9 de Ia relation entre l&rsquo;\u00e9tablissement et l&rsquo;organisme d&rsquo;accueil.<\/p><h2><span style=\"color: #962b25;\">Pr\u00e9paration<\/span><\/h2><p>Accompagn\u00e9 par l&rsquo;\u00e9quipe p\u00e9dagogique, l&rsquo;\u00e9l\u00e8ve, doit acqu\u00e9rir les savoirs, les savoir-faire et savoir-\u00eatre n\u00e9cessaires \u00e0 une bonne int\u00e9gration dans le milieu professionnel (r\u00e8gles de s\u00e9curit\u00e9). Les professeurs d\u00e9finissent avec le responsable de l&rsquo;organisme d&rsquo;accueil les modalit\u00e9s de d\u00e9roulement du stage en entreprise et les t\u00e2ches qui seront confi\u00e9es \u00e0 I&rsquo; \u00e9l\u00e8ve. L&rsquo;entreprise d\u00e9signe de son c\u00f4t\u00e9 un tuteur de stage.<\/p><h2><span style=\"color: #962b25;\">Suivi<\/span><\/h2><p>Le suivi des \u00e9l\u00e8ves par leurs professeurs pendant leur p\u00e9riode de formation en milieu professionnel est assur\u00e9 par l&rsquo;enseignant r\u00e9f\u00e9rent. Le suivi des p\u00e9riodes de formation poursuit les objectifs suivants :<\/p><ul><li>s&rsquo;assurer du bon d\u00e9roulement de ladite p\u00e9riode,<\/li><li>faire le point sur les activit\u00e9s de l&rsquo;\u00e9l\u00e8ve et ses progr\u00e8s,<\/li><li>compl\u00e9ter ou rectifier le choix des activit\u00e9s qui lui sont confi\u00e9es en application de la convention de stage,<\/li><li>r\u00e9aliser les \u00e9valuations pr\u00e9vues dans le r\u00e8glement d&rsquo;examen de certains dipl\u00f4mes.<\/li><\/ul><h2><span style=\"color: #962b25;\">Exploitation p\u00e9dagogique des p\u00e9riodes de formation en milieu professionnel<\/span><\/h2><p>Au retour de l&rsquo;\u00e9l\u00e8ve dans l&rsquo;\u00e9tablissement scolaire, l&rsquo;\u00e9quipe p\u00e9dagogique utilise ses d\u00e9couvertes et ses acquis en structure d&rsquo;accueil. Cette exploitation concerne toutes les disciplines, car le milieu professionnel est un lieu de vie et une source d&rsquo;informations sur des th\u00e8mes qui concourent aussi \u00e0 la formation g\u00e9n\u00e9rale et \u00e0 la citoyennet\u00e9.<\/p><h2><span style=\"color: #962b25;\">Les p\u00e9riodes de formation en milieu professionnel \u00e0 l&rsquo;\u00e9tranger<\/span><\/h2><p>Les p\u00e9riodes de formation en milieu professionnel peuvent \u00eatre organis\u00e9es \u00e0 l&rsquo; \u00e9tranger. Des \u00e9valuations certificatives peuvent \u00e9galement \u00eatre r\u00e9alis\u00e9es \u00e0 l&rsquo;\u00e9tranger, dans le cadre du contr\u00f4le en cours de formation, lorsque la d\u00e9finition de l&rsquo;\u00e9preuve le permet.<\/p><p>\u00a0<\/p>\t\t\t\t\t\t\t\t<\/div>\n\t\t\t\t<\/div>\n\t\t\t\t\t<\/div>\n\t\t<\/div>\n\t\t\t\t\t<\/div>\n\t\t<\/section>\n\t\t\t\t<\/div>\n\t\t","protected":false},"excerpt":{"rendered":"<p>Objectifs Les P\u00e9riodes de Formation en Milieu Professionnel font partie int\u00e9grante de la formation.Elles permettent de r\u00e9aliser les mises en situation obligatoires en milieu professionnel, lieu o\u00f9 l&rsquo;\u00e9l\u00e8ve acquiert certaines [&hellip;]<\/p>\n","protected":false},"author":1,"featured_media":0,"parent":142,"menu_order":0,"comment_status":"closed","ping_status":"closed","template":"","meta":{"ocean_post_layout":"","ocean_both_sidebars_style":"","ocean_both_sidebars_content_width":0,"ocean_both_sidebars_sidebars_width":0,"ocean_sidebar":"0","ocean_second_sidebar":"0","ocean_disable_margins":"enable","ocean_add_body_class":"","ocean_shortcode_before_top_bar":"","ocean_shortcode_after_top_bar":"","ocean_shortcode_before_header":"","ocean_shortcode_after_header":"","ocean_has_shortcode":"","ocean_shortcode_after_title":"","ocean_shortcode_before_footer_widgets":"","ocean_shortcode_after_footer_widgets":"","ocean_shortcode_before_footer_bottom":"","ocean_shortcode_after_footer_bottom":"","ocean_display_top_bar":"default","ocean_display_header":"default","ocean_header_style":"","ocean_center_header_left_menu":"0","ocean_custom_header_template":"0","ocean_custom_logo":0,"ocean_custom_retina_logo":0,"ocean_custom_logo_max_width":0,"ocean_custom_logo_tablet_max_width":0,"ocean_custom_logo_mobile_max_width":0,"ocean_custom_logo_max_height":0,"ocean_custom_logo_tablet_max_height":0,"ocean_custom_logo_mobile_max_height":0,"ocean_header_custom_menu":"0","ocean_menu_typo_font_family":"0","ocean_menu_typo_font_subset":"","ocean_menu_typo_font_size":0,"ocean_menu_typo_font_size_tablet":0,"ocean_menu_typo_font_size_mobile":0,"ocean_menu_typo_font_size_unit":"px","ocean_menu_typo_font_weight":"","ocean_menu_typo_font_weight_tablet":"","ocean_menu_typo_font_weight_mobile":"","ocean_menu_typo_transform":"","ocean_menu_typo_transform_tablet":"","ocean_menu_typo_transform_mobile":"","ocean_menu_typo_line_height":0,"ocean_menu_typo_line_height_tablet":0,"ocean_menu_typo_line_height_mobile":0,"ocean_menu_typo_line_height_unit":"","ocean_menu_typo_spacing":0,"ocean_menu_typo_spacing_tablet":0,"ocean_menu_typo_spacing_mobile":0,"ocean_menu_typo_spacing_unit":"","ocean_menu_link_color":"","ocean_menu_link_color_hover":"","ocean_menu_link_color_active":"","ocean_menu_link_background":"","ocean_menu_link_hover_background":"","ocean_menu_link_active_background":"","ocean_menu_social_links_bg":"","ocean_menu_social_hover_links_bg":"","ocean_menu_social_links_color":"","ocean_menu_social_hover_links_color":"","ocean_disable_title":"default","ocean_disable_heading":"default","ocean_post_title":"","ocean_post_subheading":"","ocean_post_title_style":"","ocean_post_title_background_color":"","ocean_post_title_background":0,"ocean_post_title_bg_image_position":"","ocean_post_title_bg_image_attachment":"","ocean_post_title_bg_image_repeat":"","ocean_post_title_bg_image_size":"","ocean_post_title_height":0,"ocean_post_title_bg_overlay":0.5,"ocean_post_title_bg_overlay_color":"","ocean_disable_breadcrumbs":"default","ocean_breadcrumbs_color":"","ocean_breadcrumbs_separator_color":"","ocean_breadcrumbs_links_color":"","ocean_breadcrumbs_links_hover_color":"","ocean_display_footer_widgets":"default","ocean_display_footer_bottom":"default","ocean_custom_footer_template":"0","footnotes":""},"class_list":["post-1173","page","type-page","status-publish","hentry","entry"],"_links":{"self":[{"href":"http:\/\/www.lyceecharlescoulomb.fr\/site\/index.php?rest_route=\/wp\/v2\/pages\/1173","targetHints":{"allow":["GET"]}}],"collection":[{"href":"http:\/\/www.lyceecharlescoulomb.fr\/site\/index.php?rest_route=\/wp\/v2\/pages"}],"about":[{"href":"http:\/\/www.lyceecharlescoulomb.fr\/site\/index.php?rest_route=\/wp\/v2\/types\/page"}],"author":[{"embeddable":true,"href":"http:\/\/www.lyceecharlescoulomb.fr\/site\/index.php?rest_route=\/wp\/v2\/users\/1"}],"replies":[{"embeddable":true,"href":"http:\/\/www.lyceecharlescoulomb.fr\/site\/index.php?rest_route=%2Fwp%2Fv2%2Fcomments&post=1173"}],"version-history":[{"count":3,"href":"http:\/\/www.lyceecharlescoulomb.fr\/site\/index.php?rest_route=\/wp\/v2\/pages\/1173\/revisions"}],"predecessor-version":[{"id":1177,"href":"http:\/\/www.lyceecharlescoulomb.fr\/site\/index.php?rest_route=\/wp\/v2\/pages\/1173\/revisions\/1177"}],"up":[{"embeddable":true,"href":"http:\/\/www.lyceecharlescoulomb.fr\/site\/index.php?rest_route=\/wp\/v2\/pages\/142"}],"wp:attachment":[{"href":"http:\/\/www.lyceecharlescoulomb.fr\/site\/index.php?rest_route=%2Fwp%2Fv2%2Fmedia&parent=1173"}],"curies":[{"name":"wp","href":"https:\/\/api.w.org\/{rel}","templated":true}]}}