{"id":1366,"date":"2019-12-02T11:35:49","date_gmt":"2019-12-02T10:35:49","guid":{"rendered":"http:\/\/www.lyceecharlescoulomb.fr\/site\/?p=1366"},"modified":"2022-08-31T12:08:37","modified_gmt":"2022-08-31T10:08:37","slug":"presentationufa","status":"publish","type":"page","link":"http:\/\/www.lyceecharlescoulomb.fr\/site\/?page_id=1366","title":{"rendered":"Pr\u00e9sentation"},"content":{"rendered":"<p><strong>Cr\u00e9\u00e9 en\u00a0 2006,<\/strong> l\u2019Unit\u00e9 de Formation d\u2019Apprentis Charles Augustin COULOMB est install\u00e9 depuis dans de vastes <strong>locaux fonctionnels, sur pr\u00e8s de 5000 m\u00b2.<\/strong> Notre \u00e9tablissement est implant\u00e9 au c\u0153ur du p\u00f4le d\u2019activit\u00e9s \u00e9conomiques d\u2019ANGOUL\u00caME qui regroupe nombre d\u2019entreprises industrielles et commerciales <strong>partenaires de nos formations.<\/strong><\/p>\n<p><strong>Avec 2 formations instruites par 20 formateurs et 100 entreprises partenaires,<\/strong> l\u2019UFA assure un suivi de qualit\u00e9 et forme chaque ann\u00e9e avec dynamisme <strong>100 apprentis<\/strong> aux dipl\u00f4mes suivants : BTS \u00c9lectrotechnique et BTS Maintenance des Syst\u00e8mes.<\/p>\n<p>Ces formations nous permettent de modulariser le parcours de formation adapt\u00e9 aux besoins des apprentis.<\/p>\n<p><strong>Pr\u00e9sentation en vid\u00e9os : DNMADE et BTS :<\/strong><\/p>\n<p><center><br \/>\n<video controls=\"controls\" width=\"600\" height=\"300\"><source src=\"http:\/\/www.lyceecharlescoulomb.fr\/site\/videos\/2021\/POST_BAC_CHARLES_COULOMB .mp4\" type=\"video\/mp4\" \/><\/video><\/center><strong>Engager un apprenti ou une apprentie \u00e0 <\/strong>l\u2019Unit\u00e9 de Formation d\u2019Apprentis Charles Augustin COULOMB<strong>, c\u2019est <\/strong><strong>relever les d\u00e9fis de l\u2019emploi<\/strong>. En effet, l\u2019apprentissage et la formation en alternance c\u2019est :<\/p>\n<ul>\n<li>Un mode de recrutement \u00e0 part enti\u00e8re pour r\u00e9pondre \u00e0 vos besoins en personnel,<\/li>\n<li>Un atout pour la gestion des ressources humaines gr\u00e2ce \u00e0 la formation en alternance de collaborateurs aptes \u00e0 vos besoins,<\/li>\n<li>Un moyen d\u2019anticiper le renouvellement des personnels qualifi\u00e9s,<\/li>\n<li>Une solution qui permet d\u2019engager votre entreprise dans l\u2019insertion professionnelle des jeunes.<\/li>\n<\/ul>\n<p>Entrepreneur, vous pouvez d\u00e9poser vos offre gr\u00e2ce \u00e0 la page \u00ab d\u00e9posez votre offre d\u2019apprentissage \u00bb.<\/p>\n<p>Candidats vous pouvez contacter M.Micka\u00ebl MORAIN \u00e0 l\u2019adresse mickael.morain@ac-poitiers.fr ou compl\u00e9ter la demande de fiche de candidature afin d&rsquo;acc\u00e9der aux offres d&rsquo;apprentissage de nos partenaires ou de demande de rendez-vous.<\/p>\n<p>Vous pouvez aussi retrouver des offres \u00e0 la page \u00ab Nos offres 2021 \u00bb et sur la <a href=\"https:\/\/www.apprentissage-nouvelle-aquitaine.info\/\" target=\"_blank\" rel=\"noopener noreferrer\">bourse de l\u2019alternance de la r\u00e9gion.<\/a><\/p>\n<div class=\"elementor-element elementor-element-b56af37 elementor-widget elementor-widget-text-editor\" data-id=\"b56af37\" data-element_type=\"widget\" data-widget_type=\"text-editor.default\">\n<div class=\"elementor-widget-container\">\n<div class=\"elementor-text-editor elementor-clearfix\">\n<h2>Les conditions pour \u00eatre apprenti(e)<\/h2>\n<ul>\n<li>\u00catre \u00e2ge(e) de 16 ans au moins dans l\u2019ann\u00e9e et ne pas avoir atteint l\u2019\u00e2ge de 30 ans* \u00e0 la date d\u2019entr\u00e9e en apprentissage.<\/li>\n<li>\u00catre recrut\u00e9(e) par une entreprise qui a d\u00e9sign\u00e9 un ma\u00eetre<br \/>\nd\u2019apprentissage,<\/li>\n<\/ul>\n<p>Une visite m\u00e9dicale est organis\u00e9e par l\u2019employeur dans les deux mois qui suivent l\u2019embauche.<br \/>\nDans certains cas, l\u2019acc\u00e8s au contrat d\u2019apprentissage peut \u00eatre ouvert aux personnes plus \u00e2g\u00e9es.<\/p>\n<p>* Ce rel\u00e8vement d\u2019\u00e2ge limite, exp\u00e9riment\u00e9 jusqu\u2019en d\u00e9cembre 2019, concerne 7 r\u00e9gions dont la Nouvelle-Aquitaine. La mesure 7 du projet de transformation de l\u2019apprentissage pr\u00e9voit cependant une g\u00e9n\u00e9ralisation de ce dispositif au niveau national.<br \/>\nD\u00e9cret du 30 d\u00e9cembre 2016- JO du 31 d\u00e9cembre<br \/>\n(https:\/\/www.legifrance,gouv.fr\/eli\/d\u00e9cret\/2016\/12\/30\/ETSD1637418D\/jo\/texte)<\/p>\n<h2>Les engagements pour l\u2019apprenti(e)<\/h2>\n<ul>\n<li>Effectuer le travail qui lui est confi\u00e9 (ce travail doit correspondre \u00e0 la formation inscrite sur le contrat),<\/li>\n<li>respecter Le r\u00e8glement int\u00e9rieur de l\u2019entreprise et du centre de formation,<\/li>\n<li>suivre la formation assur\u00e9e par l&rsquo;UFA Charles augustin COULOMB,<\/li>\n<li>En centre de formation, l\u2019apprenti(e) garde son statut de salari\u00e9(e). La p\u00e9riode au CFA est donc r\u00e9mun\u00e9r\u00e9e comme temps de travail,<\/li>\n<li>se pr\u00e9senter \u00e0 l\u2019examen pr\u00e9vu en fin de contrat pour obtenir le dipl\u00f4me.<\/li>\n<\/ul>\n<h2>Une formation gratuite et des aides possibles<\/h2>\n<p>La formation par apprentissage est gratuite pour les apprenti(e)s. Certains co\u00fbts induits (logement, transport etc.) peuvent cependant faire l\u2019objet d\u2019aides sp\u00e9cifiques.<\/p>\n<h2>Un suivi plus \u00e9troit de l\u2019apprenti(e)<\/h2>\n<p>Dans les deux mois apr\u00e8s l\u2019entr\u00e9e en apprentissage, un entretien est organis\u00e9 avec l\u2019apprenti(e), le formateur du CFA, le ma\u00eetre d\u2019apprentissage (et si n\u00e9cessaire les parents de l\u2019apprenti(e)).<br \/>\nCet entretien a pour objectif de rep\u00e9rer les difficult\u00e9s \u00e9ventuelles que rencontre l\u2019apprenti(e) et de les r\u00e9soudre afin d\u2019\u00e9viter les risques de rupture de contrat.<\/p>\n<h2><span style=\"font-size: 18pt;\">Quelques liens utiles :<\/span><\/h2>\n<ul>\n<li><b>Publications publi\u00e9es et\/ou en cours de diffusion :<\/b>\n<ul>\n<li><span style=\"color: #0000ff;\">L\u2019apprentissage au CFA acad\u00e9mique : <a href=\"https:\/\/www.cfa-acad-poitiers.fr\/lapprentissage-au-cfa-academique\" target=\"_blank\" rel=\"noopener\">https:\/\/www.cfa-acad-poitiers.fr\/lapprentissage-au-cfa-academique<\/a><\/span><\/li>\n<li><span style=\"color: #0000ff;\">Formez-vous au m\u00e9tier de monteur de r\u00e9seaux \u00e9lectriques : <a href=\"https:\/\/www.cfa-acad-poitiers.fr\/formez-vous-au-metier-de-monteur-de-reseaux-electriques\" target=\"_blank\" rel=\"noopener\">https:\/\/www.cfa-acad-poitiers.fr\/formez-vous-au-metier-de-monteur-de-reseaux-electriques<\/a><\/span><\/li>\n<li><span style=\"color: #0000ff;\">Forme toi au m\u00e9tier de comptable : <a href=\"https:\/\/www.cfa-acad-poitiers.fr\/forme-toi-au-metier-de-comptable\" target=\"_blank\" rel=\"noopener\">https:\/\/www.cfa-acad-poitiers.fr\/forme-toi-au-metier-de-comptable<\/a><\/span><\/li>\n<li><span style=\"color: #0000ff;\">Forme-toi au m\u00e9tier de la maintenance nautique : <a href=\"https:\/\/www.cfa-acad-poitiers.fr\/forme-toi-au-metier-de-la-maintenance-nautique\" target=\"_blank\" rel=\"noopener\">https:\/\/www.cfa-acad-poitiers.fr\/forme-toi-au-metier-de-la-maintenance-nautique<\/a><\/span><\/li>\n<\/ul>\n<\/li>\n<\/ul>\n<ul>\n<li><b>Publications \u00e0 venir <\/b><i>(dans les prochains jours)<\/i> :\n<ul>\n<li><span style=\"color: #0000ff;\">Forme-toi aux m\u00e9tiers de la maintenance des syst\u00e8mes : <a href=\"https:\/\/www.cfa-acad-poitiers.fr\/forme-toi-aux-metiers-de-la-maintenance-des-systemes\" target=\"_blank\" rel=\"noopener\">https:\/\/www.cfa-acad-poitiers.fr\/forme-toi-aux-metiers-de-la-maintenance-des-systemes<\/a><\/span><\/li>\n<li><span style=\"color: #0000ff;\">Forme-toi aux m\u00e9tiers de l\u2019\u00e9lectrotechnique : <a href=\"https:\/\/www.cfa-acad-poitiers.fr\/forme-toi-aux-metiers-de-lelectrotechnique\" target=\"_blank\" rel=\"noopener\">https:\/\/www.cfa-acad-poitiers.fr\/forme-toi-aux-metiers-de-lelectrotechnique<\/a><\/span><\/li>\n<li><span style=\"color: #0000ff;\">Forme-toi en BTS support \u00e0 l&rsquo;action manag\u00e9riale : <a href=\"https:\/\/www.cfa-acad-poitiers.fr\/forme-toi-en-bts-support-laction-manageriale\" target=\"_blank\" rel=\"noopener\">https:\/\/www.cfa-acad-poitiers.fr\/forme-toi-en-bts-support-laction-manageriale<\/a><\/span><\/li>\n<\/ul>\n<\/li>\n<\/ul>\n<\/div>\n<\/div>\n<\/div>\n","protected":false},"excerpt":{"rendered":"<p>Cr\u00e9\u00e9 en\u00a0 2006, l\u2019Unit\u00e9 de Formation d\u2019Apprentis Charles Augustin COULOMB est install\u00e9 depuis dans de vastes locaux fonctionnels, sur pr\u00e8s de 5000 m\u00b2. Notre \u00e9tablissement est implant\u00e9 au c\u0153ur du [&hellip;]<\/p>\n","protected":false},"author":3,"featured_media":0,"parent":1323,"menu_order":0,"comment_status":"closed","ping_status":"open","template":"","meta":{"ocean_post_layout":"","ocean_both_sidebars_style":"","ocean_both_sidebars_content_width":0,"ocean_both_sidebars_sidebars_width":0,"ocean_sidebar":"0","ocean_second_sidebar":"0","ocean_disable_margins":"on","ocean_add_body_class":"","ocean_shortcode_before_top_bar":"","ocean_shortcode_after_top_bar":"","ocean_shortcode_before_header":"","ocean_shortcode_after_header":"","ocean_has_shortcode":"","ocean_shortcode_after_title":"","ocean_shortcode_before_footer_widgets":"","ocean_shortcode_after_footer_widgets":"","ocean_shortcode_before_footer_bottom":"","ocean_shortcode_after_footer_bottom":"","ocean_display_top_bar":"default","ocean_display_header":"default","ocean_header_style":"","ocean_center_header_left_menu":"0","ocean_custom_header_template":"0","ocean_custom_logo":0,"ocean_custom_retina_logo":0,"ocean_custom_logo_max_width":0,"ocean_custom_logo_tablet_max_width":0,"ocean_custom_logo_mobile_max_width":0,"ocean_custom_logo_max_height":0,"ocean_custom_logo_tablet_max_height":0,"ocean_custom_logo_mobile_max_height":0,"ocean_header_custom_menu":"0","ocean_menu_typo_font_family":"0","ocean_menu_typo_font_subset":"","ocean_menu_typo_font_size":0,"ocean_menu_typo_font_size_tablet":0,"ocean_menu_typo_font_size_mobile":0,"ocean_menu_typo_font_size_unit":"px","ocean_menu_typo_font_weight":"","ocean_menu_typo_font_weight_tablet":"","ocean_menu_typo_font_weight_mobile":"","ocean_menu_typo_transform":"","ocean_menu_typo_transform_tablet":"","ocean_menu_typo_transform_mobile":"","ocean_menu_typo_line_height":0,"ocean_menu_typo_line_height_tablet":0,"ocean_menu_typo_line_height_mobile":0,"ocean_menu_typo_line_height_unit":"","ocean_menu_typo_spacing":0,"ocean_menu_typo_spacing_tablet":0,"ocean_menu_typo_spacing_mobile":0,"ocean_menu_typo_spacing_unit":"","ocean_menu_link_color":"","ocean_menu_link_color_hover":"","ocean_menu_link_color_active":"","ocean_menu_link_background":"","ocean_menu_link_hover_background":"","ocean_menu_link_active_background":"","ocean_menu_social_links_bg":"","ocean_menu_social_hover_links_bg":"","ocean_menu_social_links_color":"","ocean_menu_social_hover_links_color":"","ocean_disable_title":"default","ocean_disable_heading":"default","ocean_post_title":"","ocean_post_subheading":"","ocean_post_title_style":"","ocean_post_title_background_color":"","ocean_post_title_background":0,"ocean_post_title_bg_image_position":"","ocean_post_title_bg_image_attachment":"","ocean_post_title_bg_image_repeat":"","ocean_post_title_bg_image_size":"","ocean_post_title_height":0,"ocean_post_title_bg_overlay":0.5,"ocean_post_title_bg_overlay_color":"","ocean_disable_breadcrumbs":"default","ocean_breadcrumbs_color":"","ocean_breadcrumbs_separator_color":"","ocean_breadcrumbs_links_color":"","ocean_breadcrumbs_links_hover_color":"","ocean_display_footer_widgets":"default","ocean_display_footer_bottom":"default","ocean_custom_footer_template":"0","footnotes":""},"class_list":["post-1366","page","type-page","status-publish","hentry","entry"],"_links":{"self":[{"href":"http:\/\/www.lyceecharlescoulomb.fr\/site\/index.php?rest_route=\/wp\/v2\/pages\/1366","targetHints":{"allow":["GET"]}}],"collection":[{"href":"http:\/\/www.lyceecharlescoulomb.fr\/site\/index.php?rest_route=\/wp\/v2\/pages"}],"about":[{"href":"http:\/\/www.lyceecharlescoulomb.fr\/site\/index.php?rest_route=\/wp\/v2\/types\/page"}],"author":[{"embeddable":true,"href":"http:\/\/www.lyceecharlescoulomb.fr\/site\/index.php?rest_route=\/wp\/v2\/users\/3"}],"replies":[{"embeddable":true,"href":"http:\/\/www.lyceecharlescoulomb.fr\/site\/index.php?rest_route=%2Fwp%2Fv2%2Fcomments&post=1366"}],"version-history":[{"count":16,"href":"http:\/\/www.lyceecharlescoulomb.fr\/site\/index.php?rest_route=\/wp\/v2\/pages\/1366\/revisions"}],"predecessor-version":[{"id":4453,"href":"http:\/\/www.lyceecharlescoulomb.fr\/site\/index.php?rest_route=\/wp\/v2\/pages\/1366\/revisions\/4453"}],"up":[{"embeddable":true,"href":"http:\/\/www.lyceecharlescoulomb.fr\/site\/index.php?rest_route=\/wp\/v2\/pages\/1323"}],"wp:attachment":[{"href":"http:\/\/www.lyceecharlescoulomb.fr\/site\/index.php?rest_route=%2Fwp%2Fv2%2Fmedia&parent=1366"}],"curies":[{"name":"wp","href":"https:\/\/api.w.org\/{rel}","templated":true}]}}