{"id":147,"date":"2019-07-12T20:59:51","date_gmt":"2019-07-12T18:59:51","guid":{"rendered":"http:\/\/www.lyceecharlescoulomb.fr\/site\/?p=147"},"modified":"2019-10-22T12:15:37","modified_gmt":"2019-10-22T10:15:37","slug":"presentation-du-niveau-seconde","status":"publish","type":"page","link":"http:\/\/www.lyceecharlescoulomb.fr\/site\/?page_id=147","title":{"rendered":"Tronc commun"},"content":{"rendered":"\t\t<div data-elementor-type=\"wp-post\" data-elementor-id=\"147\" class=\"elementor elementor-147\">\n\t\t\t\t\t\t<section class=\"elementor-section elementor-top-section elementor-element elementor-element-6a2859b elementor-section-boxed elementor-section-height-default elementor-section-height-default\" data-id=\"6a2859b\" data-element_type=\"section\" data-e-type=\"section\">\n\t\t\t\t\t\t<div class=\"elementor-container elementor-column-gap-default\">\n\t\t\t\t\t<div class=\"elementor-column elementor-col-100 elementor-top-column elementor-element elementor-element-f7bc55a\" data-id=\"f7bc55a\" data-element_type=\"column\" data-e-type=\"column\">\n\t\t\t<div class=\"elementor-widget-wrap elementor-element-populated\">\n\t\t\t\t\t\t<div class=\"elementor-element elementor-element-8141e83 elementor-widget elementor-widget-heading\" data-id=\"8141e83\" data-element_type=\"widget\" data-e-type=\"widget\" data-widget_type=\"heading.default\">\n\t\t\t\t<div class=\"elementor-widget-container\">\n\t\t\t\t\t<h2 class=\"elementor-heading-title elementor-size-default\">Le tronc commun<\/h2>\t\t\t\t<\/div>\n\t\t\t\t<\/div>\n\t\t\t\t\t<\/div>\n\t\t<\/div>\n\t\t\t\t\t<\/div>\n\t\t<\/section>\n\t\t\t\t<section class=\"elementor-section elementor-top-section elementor-element elementor-element-6b1daa6b elementor-section-boxed elementor-section-height-default elementor-section-height-default\" data-id=\"6b1daa6b\" data-element_type=\"section\" data-e-type=\"section\">\n\t\t\t\t\t\t<div class=\"elementor-container elementor-column-gap-default\">\n\t\t\t\t\t<div class=\"elementor-column elementor-col-100 elementor-top-column elementor-element elementor-element-52a55dad\" data-id=\"52a55dad\" data-element_type=\"column\" data-e-type=\"column\">\n\t\t\t<div class=\"elementor-widget-wrap elementor-element-populated\">\n\t\t\t\t\t\t<div class=\"elementor-element elementor-element-19466530 elementor-widget elementor-widget-image\" data-id=\"19466530\" data-element_type=\"widget\" data-e-type=\"widget\" data-widget_type=\"image.default\">\n\t\t\t\t<div class=\"elementor-widget-container\">\n\t\t\t\t\t\t\t\t\t\t\t\t\t\t\t<img decoding=\"async\" src=\"http:\/\/www.lyceecharlescoulomb.fr\/site\/wp-content\/uploads\/elementor\/thumbs\/2nde_tronc-r0tz5x06m1gyjmhml3p6fjt1wl2ns469m64py3qn3c.jpg\" title=\"2nde_tronc\" alt=\"2nde_tronc\" loading=\"lazy\" \/>\t\t\t\t\t\t\t\t\t\t\t\t\t\t\t<\/div>\n\t\t\t\t<\/div>\n\t\t\t\t\t<\/div>\n\t\t<\/div>\n\t\t\t\t\t<\/div>\n\t\t<\/section>\n\t\t\t\t<section class=\"elementor-section elementor-top-section elementor-element elementor-element-59f8a008 elementor-section-boxed elementor-section-height-default elementor-section-height-default\" data-id=\"59f8a008\" data-element_type=\"section\" data-e-type=\"section\">\n\t\t\t\t\t\t<div class=\"elementor-container elementor-column-gap-default\">\n\t\t\t\t\t<div class=\"elementor-column elementor-col-100 elementor-top-column elementor-element elementor-element-14e615a4\" data-id=\"14e615a4\" data-element_type=\"column\" data-e-type=\"column\">\n\t\t\t<div class=\"elementor-widget-wrap elementor-element-populated\">\n\t\t\t\t\t\t<div class=\"elementor-element elementor-element-614bfe99 elementor-widget elementor-widget-heading\" data-id=\"614bfe99\" data-element_type=\"widget\" data-e-type=\"widget\" data-widget_type=\"heading.default\">\n\t\t\t\t<div class=\"elementor-widget-container\">\n\t\t\t\t\t<h2 class=\"elementor-heading-title elementor-size-default\">Le tronc commun<\/h2>\t\t\t\t<\/div>\n\t\t\t\t<\/div>\n\t\t\t\t<div class=\"elementor-element elementor-element-2c90b59 elementor-tabs-view-horizontal elementor-widget elementor-widget-tabs\" data-id=\"2c90b59\" data-element_type=\"widget\" data-e-type=\"widget\" data-widget_type=\"tabs.default\">\n\t\t\t\t<div class=\"elementor-widget-container\">\n\t\t\t\t\t\t\t<div class=\"elementor-tabs\">\n\t\t\t<div class=\"elementor-tabs-wrapper\" role=\"tablist\" >\n\t\t\t\t\t\t\t\t\t<div id=\"elementor-tab-title-4671\" class=\"elementor-tab-title elementor-tab-desktop-title\" aria-selected=\"true\" data-tab=\"1\" role=\"tab\" tabindex=\"0\" aria-controls=\"elementor-tab-content-4671\" aria-expanded=\"false\">Objectifs<\/div>\n\t\t\t\t\t\t\t\t\t<div id=\"elementor-tab-title-4672\" class=\"elementor-tab-title elementor-tab-desktop-title\" aria-selected=\"false\" data-tab=\"2\" role=\"tab\" tabindex=\"-1\" aria-controls=\"elementor-tab-content-4672\" aria-expanded=\"false\">Contenu<\/div>\n\t\t\t\t\t\t\t\t\t<div id=\"elementor-tab-title-4673\" class=\"elementor-tab-title elementor-tab-desktop-title\" aria-selected=\"false\" data-tab=\"3\" role=\"tab\" tabindex=\"-1\" aria-controls=\"elementor-tab-content-4673\" aria-expanded=\"false\">Apr\u00e8s la seconde<\/div>\n\t\t\t\t\t\t\t<\/div>\n\t\t\t<div class=\"elementor-tabs-content-wrapper\" role=\"tablist\" aria-orientation=\"vertical\">\n\t\t\t\t\t\t\t\t\t<div class=\"elementor-tab-title elementor-tab-mobile-title\" aria-selected=\"true\" data-tab=\"1\" role=\"tab\" tabindex=\"0\" aria-controls=\"elementor-tab-content-4671\" aria-expanded=\"false\">Objectifs<\/div>\n\t\t\t\t\t<div id=\"elementor-tab-content-4671\" class=\"elementor-tab-content elementor-clearfix\" data-tab=\"1\" role=\"tabpanel\" aria-labelledby=\"elementor-tab-title-4671\" tabindex=\"0\" hidden=\"false\"><p>La classe de seconde est l&rsquo;ann\u00e9e qui conduit les \u00e9l\u00e8ves au cycle terminal des lyc\u00e9es d&rsquo;enseignement g\u00e9n\u00e9ral et technologique.<\/p><p>Elle doit permettre \u00e0 chacun de m\u00fbrir et pr\u00e9ciser ses go\u00fbts et ses choix. Elle est con\u00e7ue pour permettre aux \u00e9l\u00e8ves de consolider leur ma\u00eetrise du socle commun de connaissances, de comp\u00e9tences et de culture afin de r\u00e9ussir la transition du coll\u00e8ge au lyc\u00e9e.<br \/>Elle les pr\u00e9pare \u00e0 d\u00e9terminer leur choix d&rsquo;un parcours au sein du cycle terminal jusqu&rsquo;au baccalaur\u00e9at g\u00e9n\u00e9ral ou technologique dans l&rsquo;objectif d&rsquo;une poursuite d&rsquo;\u00e9tudes sup\u00e9rieures r\u00e9ussie et, au-del\u00e0, de leur insertion professionnelle.<\/p><\/div>\n\t\t\t\t\t\t\t\t\t<div class=\"elementor-tab-title elementor-tab-mobile-title\" aria-selected=\"false\" data-tab=\"2\" role=\"tab\" tabindex=\"-1\" aria-controls=\"elementor-tab-content-4672\" aria-expanded=\"false\">Contenu<\/div>\n\t\t\t\t\t<div id=\"elementor-tab-content-4672\" class=\"elementor-tab-content elementor-clearfix\" data-tab=\"2\" role=\"tabpanel\" aria-labelledby=\"elementor-tab-title-4672\" tabindex=\"0\" hidden=\"hidden\"><p>Les enseignements de la classe de seconde comprennent des enseignements communs dispens\u00e9s \u00e0 tous les \u00e9l\u00e8ves et des enseignements optionnels.<\/p><p><strong>Enseignements communs :<\/strong><\/p><table border=\"1\" width=\"100%\" bgcolor=\"#F4FA58\"><tbody><tr><td align=\"center\" width=\"20%\">Fran\u00e7ais<br \/>4 h<\/td><td align=\"center\" width=\"20%\">Histoire<br \/>G\u00e9ographie<br \/>3 h<\/td><td align=\"center\" width=\"20%\">Enseignement Moral et\u00a0<br \/>Civique<br \/>18 h annuelles<\/td><td align=\"center\" width=\"20%\">Math\u00e9matiques<br \/>4 h<\/td><td align=\"center\" width=\"20%\">Langue Vivante A et\u00a0<br \/>Langue Vivante B<br \/>5 h 30<\/td><\/tr><tr><td align=\"center\" width=\"20%\">Physique &#8211; chimie<br \/>3 h<\/td><td align=\"center\" width=\"20%\">Sciences de la Vie<br \/>et de la Terre<br \/>1 h 30<\/td><td align=\"center\" width=\"20%\">Education Physique et Sportive<br \/>2 h<\/td><td align=\"center\" width=\"20%\">Sciences<br \/>Economiques et\u00a0<br \/>Sociales<br \/>1 h 30<\/td><td align=\"center\" width=\"20%\">Sciences Num\u00e9riques et\u00a0<br \/>Technologie<br \/>1 h 30<\/td><\/tr><\/tbody><\/table><p><strong>Enseignements optionnels\u00a0:<\/strong><\/p><p>L\u2019\u00e9l\u00e8ve choisit un\u00a0<strong>enseignement optionnel<\/strong>\u00a0parmi\u00a0<\/p><ul><li>Biotechnologies (1 h 30),<\/li><li>Sciences et Laboratoire (1 h 30),<\/li><li>Sciences de l\u2019Ing\u00e9nieur (1 h 30),<\/li><li>Cr\u00e9ation et Innovation Technologiques (1 h 30),<\/li><li>Cr\u00e9ation et Culture \u2013 Design (6 h).<\/li><\/ul><p>Les \u00e9l\u00e8ves peuvent b\u00e9n\u00e9ficier d\u2019un accompagnement personnalis\u00e9\u00a0:<\/p><ul><li>accompagnement \u00e0 la maitrise de l\u2019expression \u00e9crite et orale en languefran\u00e7aise et en math\u00e9matiques,<\/li><li>accompagnement \u00e0 l\u2019orientation.<\/li><\/ul><\/div>\n\t\t\t\t\t\t\t\t\t<div class=\"elementor-tab-title elementor-tab-mobile-title\" aria-selected=\"false\" data-tab=\"3\" role=\"tab\" tabindex=\"-1\" aria-controls=\"elementor-tab-content-4673\" aria-expanded=\"false\">Apr\u00e8s la seconde<\/div>\n\t\t\t\t\t<div id=\"elementor-tab-content-4673\" class=\"elementor-tab-content elementor-clearfix\" data-tab=\"3\" role=\"tabpanel\" aria-labelledby=\"elementor-tab-title-4673\" tabindex=\"0\" hidden=\"hidden\"><p><strong>Fili\u00e8re g\u00e9n\u00e9rale :<\/strong><\/p><p>Sp\u00e9cialit\u00e9s : Math\u00e9matiques &#8211; Physique-Chimie &#8211; Sciences de la Vie et de la Terre &#8211; Sciences de l\u2019Ing\u00e9nieur &#8211; Sciences \u00c9conomiques et Sociales &#8211; Histoire-G\u00e9ographie, G\u00e9opolitique et Sciences Politiques &#8211; Num\u00e9rique et Sciences Informatiques.<\/p><p><strong>Fili\u00e8res technologiques :<\/strong><\/p><ul><li>STD2A (Sciences et Technologies du Design et des Arts Appliqu\u00e9s),<\/li><li>STI2D (Sciences et Technologies de l&rsquo;Industrie et du D\u00e9veloppement Durable),<\/li><li>STL (Sciences et Technologies de Laboratoire).<\/li><\/ul><\/div>\n\t\t\t\t\t\t\t<\/div>\n\t\t<\/div>\n\t\t\t\t\t\t<\/div>\n\t\t\t\t<\/div>\n\t\t\t\t\t<\/div>\n\t\t<\/div>\n\t\t\t\t\t<\/div>\n\t\t<\/section>\n\t\t\t\t<\/div>\n\t\t","protected":false},"excerpt":{"rendered":"<p>Le tronc commun Le tronc commun Objectifs Contenu Apr\u00e8s la seconde Objectifs La classe de seconde est l\u2019ann\u00e9e qui conduit les \u00e9l\u00e8ves au cycle terminal des lyc\u00e9es d\u2019enseignement g\u00e9n\u00e9ral et [&hellip;]<\/p>\n","protected":false},"author":1,"featured_media":0,"parent":146,"menu_order":0,"comment_status":"closed","ping_status":"open","template":"","meta":{"ocean_post_layout":"full-screen","ocean_both_sidebars_style":"","ocean_both_sidebars_content_width":0,"ocean_both_sidebars_sidebars_width":0,"ocean_sidebar":"0","ocean_second_sidebar":"0","ocean_disable_margins":"enable","ocean_add_body_class":"","ocean_shortcode_before_top_bar":"","ocean_shortcode_after_top_bar":"","ocean_shortcode_before_header":"","ocean_shortcode_after_header":"","ocean_has_shortcode":"","ocean_shortcode_after_title":"","ocean_shortcode_before_footer_widgets":"","ocean_shortcode_after_footer_widgets":"","ocean_shortcode_before_footer_bottom":"","ocean_shortcode_after_footer_bottom":"","ocean_display_top_bar":"default","ocean_display_header":"default","ocean_header_style":"","ocean_center_header_left_menu":"0","ocean_custom_header_template":"0","ocean_custom_logo":0,"ocean_custom_retina_logo":0,"ocean_custom_logo_max_width":0,"ocean_custom_logo_tablet_max_width":0,"ocean_custom_logo_mobile_max_width":0,"ocean_custom_logo_max_height":0,"ocean_custom_logo_tablet_max_height":0,"ocean_custom_logo_mobile_max_height":0,"ocean_header_custom_menu":"0","ocean_menu_typo_font_family":"0","ocean_menu_typo_font_subset":"","ocean_menu_typo_font_size":0,"ocean_menu_typo_font_size_tablet":0,"ocean_menu_typo_font_size_mobile":0,"ocean_menu_typo_font_size_unit":"px","ocean_menu_typo_font_weight":"","ocean_menu_typo_font_weight_tablet":"","ocean_menu_typo_font_weight_mobile":"","ocean_menu_typo_transform":"","ocean_menu_typo_transform_tablet":"","ocean_menu_typo_transform_mobile":"","ocean_menu_typo_line_height":0,"ocean_menu_typo_line_height_tablet":0,"ocean_menu_typo_line_height_mobile":0,"ocean_menu_typo_line_height_unit":"","ocean_menu_typo_spacing":0,"ocean_menu_typo_spacing_tablet":0,"ocean_menu_typo_spacing_mobile":0,"ocean_menu_typo_spacing_unit":"","ocean_menu_link_color":"","ocean_menu_link_color_hover":"","ocean_menu_link_color_active":"","ocean_menu_link_background":"","ocean_menu_link_hover_background":"","ocean_menu_link_active_background":"","ocean_menu_social_links_bg":"","ocean_menu_social_hover_links_bg":"","ocean_menu_social_links_color":"","ocean_menu_social_hover_links_color":"","ocean_disable_title":"default","ocean_disable_heading":"default","ocean_post_title":"","ocean_post_subheading":"","ocean_post_title_style":"","ocean_post_title_background_color":"","ocean_post_title_background":0,"ocean_post_title_bg_image_position":"","ocean_post_title_bg_image_attachment":"","ocean_post_title_bg_image_repeat":"","ocean_post_title_bg_image_size":"","ocean_post_title_height":0,"ocean_post_title_bg_overlay":0.5,"ocean_post_title_bg_overlay_color":"","ocean_disable_breadcrumbs":"default","ocean_breadcrumbs_color":"","ocean_breadcrumbs_separator_color":"","ocean_breadcrumbs_links_color":"","ocean_breadcrumbs_links_hover_color":"","ocean_display_footer_widgets":"default","ocean_display_footer_bottom":"default","ocean_custom_footer_template":"0","footnotes":""},"class_list":["post-147","page","type-page","status-publish","hentry","entry"],"_links":{"self":[{"href":"http:\/\/www.lyceecharlescoulomb.fr\/site\/index.php?rest_route=\/wp\/v2\/pages\/147","targetHints":{"allow":["GET"]}}],"collection":[{"href":"http:\/\/www.lyceecharlescoulomb.fr\/site\/index.php?rest_route=\/wp\/v2\/pages"}],"about":[{"href":"http:\/\/www.lyceecharlescoulomb.fr\/site\/index.php?rest_route=\/wp\/v2\/types\/page"}],"author":[{"embeddable":true,"href":"http:\/\/www.lyceecharlescoulomb.fr\/site\/index.php?rest_route=\/wp\/v2\/users\/1"}],"replies":[{"embeddable":true,"href":"http:\/\/www.lyceecharlescoulomb.fr\/site\/index.php?rest_route=%2Fwp%2Fv2%2Fcomments&post=147"}],"version-history":[{"count":6,"href":"http:\/\/www.lyceecharlescoulomb.fr\/site\/index.php?rest_route=\/wp\/v2\/pages\/147\/revisions"}],"predecessor-version":[{"id":885,"href":"http:\/\/www.lyceecharlescoulomb.fr\/site\/index.php?rest_route=\/wp\/v2\/pages\/147\/revisions\/885"}],"up":[{"embeddable":true,"href":"http:\/\/www.lyceecharlescoulomb.fr\/site\/index.php?rest_route=\/wp\/v2\/pages\/146"}],"wp:attachment":[{"href":"http:\/\/www.lyceecharlescoulomb.fr\/site\/index.php?rest_route=%2Fwp%2Fv2%2Fmedia&parent=147"}],"curies":[{"name":"wp","href":"https:\/\/api.w.org\/{rel}","templated":true}]}}