{"id":5021,"date":"2023-06-27T14:51:20","date_gmt":"2023-06-27T12:51:20","guid":{"rendered":"http:\/\/www.lyceecharlescoulomb.fr\/site\/?page_id=5021"},"modified":"2023-06-27T15:00:40","modified_gmt":"2023-06-27T13:00:40","slug":"erasmus-lycee-professionnel","status":"publish","type":"page","link":"http:\/\/www.lyceecharlescoulomb.fr\/site\/?page_id=5021","title":{"rendered":"Erasmus + Lyc\u00e9e Professionnel"},"content":{"rendered":"<table style=\"border-collapse: collapse; width: 100%;\" border=\"1\">\n<tbody>\n<tr>\n<td style=\"width: 33%;\"><img decoding=\"async\" src=\"http:\/\/www.lyceecharlescoulomb.fr\/site\/wp-content\/uploads\/2023\/06\/image1.png\" alt=\"\" \/><\/td>\n<td style=\"width: 33%;\"><img decoding=\"async\" class=\"aligncenter\" src=\"http:\/\/www.lyceecharlescoulomb.fr\/site\/wp-content\/uploads\/2023\/06\/image2.jpg\" alt=\"\" \/><\/td>\n<td style=\"width: 33%;\"><img decoding=\"async\" src=\"http:\/\/www.lyceecharlescoulomb.fr\/site\/wp-content\/uploads\/2023\/06\/image3.jpg\" alt=\"\" \/><\/td>\n<\/tr>\n<\/tbody>\n<\/table>\n<h2>P\u00e9riode de Formation en Milieu Professionnel \u00e0 Malte en Janvier 2023<\/h2>\n<p>Cinq \u00e9l\u00e8ves de Terminale Professionnelle de 3 sp\u00e9cialit\u00e9s diff\u00e9rentes (MELEC, MEI et SN) sont partis en PFMP 3 semaines \u00e0 Malte.<br \/>\nCe f\u00fbt l\u2019occasion de d\u00e9couvrir un nouveau pays, une nouvelle culture ainsi qu\u2019un environnement professionnel diff\u00e9rent.<\/p>\n<p>Cette mobilit\u00e9 a eu lieu dans le cadre d\u2019un consortium acad\u00e9mique Erasmus + et a \u00e9t\u00e9 totalement financ\u00e9e par l\u2019Agence Europ\u00e9enne.<br \/>\nQuatre enseignants se sont relay\u00e9s pour accompagner les \u00e9l\u00e8ves.<\/p>\n<table style=\"border-collapse: collapse; width: 100%;\" border=\"1\">\n<tbody>\n<tr>\n<td style=\"width: 50%;\"><img decoding=\"async\" src=\"http:\/\/www.lyceecharlescoulomb.fr\/site\/wp-content\/uploads\/2023\/06\/image4.jpg\" alt=\"\" \/><\/td>\n<td style=\"width: 50%;\"><img decoding=\"async\" src=\"http:\/\/www.lyceecharlescoulomb.fr\/site\/wp-content\/uploads\/2023\/06\/image5.jpg\" alt=\"\" \/><\/td>\n<\/tr>\n<\/tbody>\n<\/table>\n<h2>Accr\u00e9ditation Erasmus +<\/h2>\n<p>Le lyc\u00e9e professionnel Charles A. Coulomb a obtenu une accr\u00e9ditation Erasmus + en f\u00e9vrier 2023 pour la p\u00e9riode 2023\/2027, ce qui va permettre de continuer \u00e0 d\u00e9velopper les mobilit\u00e9s et les \u00e9tendre \u00e0 d\u2019autres destinations, tout en b\u00e9n\u00e9ficiant de financements r\u00e9guliers et garantis.<br \/>\nLes \u00e9l\u00e8ves de Terminale Professionnelle des 4 sp\u00e9cialit\u00e9s pourront postuler d\u00e8s la rentr\u00e9e de Septembre 2023 pour une mobilit\u00e9 de 3 semaines \u00e0 Malte en Janvier 2024. En parall\u00e8le, un Club Europe verra le jour, ce sera un lieu de partage et d\u2019\u00e9changes autour des valeurs de l\u2019Europe.<\/p>\n<table style=\"border-collapse: collapse; width: 100%;\" border=\"1\">\n<tbody>\n<tr>\n<td style=\"width: 50%;\"><img decoding=\"async\" src=\"http:\/\/www.lyceecharlescoulomb.fr\/site\/wp-content\/uploads\/2023\/06\/image6.png\" alt=\"\" \/><\/td>\n<td style=\"width: 50%;\"><img decoding=\"async\" src=\"http:\/\/www.lyceecharlescoulomb.fr\/site\/wp-content\/uploads\/2023\/06\/image7.jpg\" alt=\"\" \/><\/td>\n<\/tr>\n<\/tbody>\n<\/table>\n<p>&nbsp;<\/p>\n","protected":false},"excerpt":{"rendered":"<p>P\u00e9riode de Formation en Milieu Professionnel \u00e0 Malte en Janvier 2023 Cinq \u00e9l\u00e8ves de Terminale Professionnelle de 3 sp\u00e9cialit\u00e9s diff\u00e9rentes (MELEC, MEI et SN) sont partis en PFMP 3 semaines [&hellip;]<\/p>\n","protected":false},"author":1,"featured_media":0,"parent":0,"menu_order":0,"comment_status":"closed","ping_status":"closed","template":"","meta":{"ocean_post_layout":"","ocean_both_sidebars_style":"","ocean_both_sidebars_content_width":0,"ocean_both_sidebars_sidebars_width":0,"ocean_sidebar":"0","ocean_second_sidebar":"0","ocean_disable_margins":"enable","ocean_add_body_class":"","ocean_shortcode_before_top_bar":"","ocean_shortcode_after_top_bar":"","ocean_shortcode_before_header":"","ocean_shortcode_after_header":"","ocean_has_shortcode":"","ocean_shortcode_after_title":"","ocean_shortcode_before_footer_widgets":"","ocean_shortcode_after_footer_widgets":"","ocean_shortcode_before_footer_bottom":"","ocean_shortcode_after_footer_bottom":"","ocean_display_top_bar":"default","ocean_display_header":"default","ocean_header_style":"","ocean_center_header_left_menu":"0","ocean_custom_header_template":"0","ocean_custom_logo":0,"ocean_custom_retina_logo":0,"ocean_custom_logo_max_width":0,"ocean_custom_logo_tablet_max_width":0,"ocean_custom_logo_mobile_max_width":0,"ocean_custom_logo_max_height":0,"ocean_custom_logo_tablet_max_height":0,"ocean_custom_logo_mobile_max_height":0,"ocean_header_custom_menu":"0","ocean_menu_typo_font_family":"0","ocean_menu_typo_font_subset":"","ocean_menu_typo_font_size":0,"ocean_menu_typo_font_size_tablet":0,"ocean_menu_typo_font_size_mobile":0,"ocean_menu_typo_font_size_unit":"px","ocean_menu_typo_font_weight":"","ocean_menu_typo_font_weight_tablet":"","ocean_menu_typo_font_weight_mobile":"","ocean_menu_typo_transform":"","ocean_menu_typo_transform_tablet":"","ocean_menu_typo_transform_mobile":"","ocean_menu_typo_line_height":0,"ocean_menu_typo_line_height_tablet":0,"ocean_menu_typo_line_height_mobile":0,"ocean_menu_typo_line_height_unit":"","ocean_menu_typo_spacing":0,"ocean_menu_typo_spacing_tablet":0,"ocean_menu_typo_spacing_mobile":0,"ocean_menu_typo_spacing_unit":"","ocean_menu_link_color":"","ocean_menu_link_color_hover":"","ocean_menu_link_color_active":"","ocean_menu_link_background":"","ocean_menu_link_hover_background":"","ocean_menu_link_active_background":"","ocean_menu_social_links_bg":"","ocean_menu_social_hover_links_bg":"","ocean_menu_social_links_color":"","ocean_menu_social_hover_links_color":"","ocean_disable_title":"default","ocean_disable_heading":"default","ocean_post_title":"","ocean_post_subheading":"","ocean_post_title_style":"","ocean_post_title_background_color":"","ocean_post_title_background":0,"ocean_post_title_bg_image_position":"","ocean_post_title_bg_image_attachment":"","ocean_post_title_bg_image_repeat":"","ocean_post_title_bg_image_size":"","ocean_post_title_height":0,"ocean_post_title_bg_overlay":0.5,"ocean_post_title_bg_overlay_color":"","ocean_disable_breadcrumbs":"default","ocean_breadcrumbs_color":"","ocean_breadcrumbs_separator_color":"","ocean_breadcrumbs_links_color":"","ocean_breadcrumbs_links_hover_color":"","ocean_display_footer_widgets":"default","ocean_display_footer_bottom":"default","ocean_custom_footer_template":"0","footnotes":""},"class_list":["post-5021","page","type-page","status-publish","hentry","entry"],"_links":{"self":[{"href":"http:\/\/www.lyceecharlescoulomb.fr\/site\/index.php?rest_route=\/wp\/v2\/pages\/5021","targetHints":{"allow":["GET"]}}],"collection":[{"href":"http:\/\/www.lyceecharlescoulomb.fr\/site\/index.php?rest_route=\/wp\/v2\/pages"}],"about":[{"href":"http:\/\/www.lyceecharlescoulomb.fr\/site\/index.php?rest_route=\/wp\/v2\/types\/page"}],"author":[{"embeddable":true,"href":"http:\/\/www.lyceecharlescoulomb.fr\/site\/index.php?rest_route=\/wp\/v2\/users\/1"}],"replies":[{"embeddable":true,"href":"http:\/\/www.lyceecharlescoulomb.fr\/site\/index.php?rest_route=%2Fwp%2Fv2%2Fcomments&post=5021"}],"version-history":[{"count":5,"href":"http:\/\/www.lyceecharlescoulomb.fr\/site\/index.php?rest_route=\/wp\/v2\/pages\/5021\/revisions"}],"predecessor-version":[{"id":5033,"href":"http:\/\/www.lyceecharlescoulomb.fr\/site\/index.php?rest_route=\/wp\/v2\/pages\/5021\/revisions\/5033"}],"wp:attachment":[{"href":"http:\/\/www.lyceecharlescoulomb.fr\/site\/index.php?rest_route=%2Fwp%2Fv2%2Fmedia&parent=5021"}],"curies":[{"name":"wp","href":"https:\/\/api.w.org\/{rel}","templated":true}]}}

Erasmus + Lycée Professionnel

<table style="border-collapse: collapse; width: 100%;" border="1">
<tbody>
<tr>
<td style="width: 33%;"><img decoding="async" src="http://www.lyceecharlescoulomb.fr/site/wp-content/uploads/2023/06/image1.png" alt="" /></td>
<td style="width: 33%;"><img decoding="async" class="aligncenter" src="http://www.lyceecharlescoulomb.fr/site/wp-content/uploads/2023/06/image2.jpg" alt="" /></td>
<td style="width: 33%;"><img decoding="async" src="http://www.lyceecharlescoulomb.fr/site/wp-content/uploads/2023/06/image3.jpg" alt="" /></td>
</tr>
</tbody>
</table>
<h2>Période de Formation en Milieu Professionnel à Malte en Janvier 2023</h2>
<p>Cinq élèves de Terminale Professionnelle de 3 spécialités différentes (MELEC, MEI et SN) sont partis en PFMP 3 semaines à Malte.<br />
Ce fût l’occasion de découvrir un nouveau pays, une nouvelle culture ainsi qu’un environnement professionnel différent.</p>
<p>Cette mobilité a eu lieu dans le cadre d’un consortium académique Erasmus + et a été totalement financée par l’Agence Européenne.<br />
Quatre enseignants se sont relayés pour accompagner les élèves.</p>
<table style="border-collapse: collapse; width: 100%;" border="1">
<tbody>
<tr>
<td style="width: 50%;"><img decoding="async" src="http://www.lyceecharlescoulomb.fr/site/wp-content/uploads/2023/06/image4.jpg" alt="" /></td>
<td style="width: 50%;"><img decoding="async" src="http://www.lyceecharlescoulomb.fr/site/wp-content/uploads/2023/06/image5.jpg" alt="" /></td>
</tr>
</tbody>
</table>
<h2>Accréditation Erasmus +</h2>
<p>Le lycée professionnel Charles A. Coulomb a obtenu une accréditation Erasmus + en février 2023 pour la période 2023/2027, ce qui va permettre de continuer à développer les mobilités et les étendre à d’autres destinations, tout en bénéficiant de financements réguliers et garantis.<br />
Les élèves de Terminale Professionnelle des 4 spécialités pourront postuler dès la rentrée de Septembre 2023 pour une mobilité de 3 semaines à Malte en Janvier 2024. En parallèle, un Club Europe verra le jour, ce sera un lieu de partage et d’échanges autour des valeurs de l’Europe.</p>
<table style="border-collapse: collapse; width: 100%;" border="1">
<tbody>
<tr>
<td style="width: 50%;"><img decoding="async" src="http://www.lyceecharlescoulomb.fr/site/wp-content/uploads/2023/06/image6.png" alt="" /></td>
<td style="width: 50%;"><img decoding="async" src="http://www.lyceecharlescoulomb.fr/site/wp-content/uploads/2023/06/image7.jpg" alt="" /></td>
</tr>
</tbody>
</table>
<p>&nbsp;</p>

<p>Période de Formation en Milieu Professionnel à Malte en Janvier 2023 Cinq élèves de Terminale Professionnelle de 3 spécialités différentes (MELEC, MEI et SN) sont partis en PFMP 3 semaines [&hellip;]</p>
