{"id":567,"date":"2019-09-21T22:36:54","date_gmt":"2019-09-21T20:36:54","guid":{"rendered":"http:\/\/www.lyceecharlescoulomb.fr\/site\/?page_id=567"},"modified":"2025-07-08T19:25:05","modified_gmt":"2025-07-08T17:25:05","slug":"bac-pro-mei","status":"publish","type":"page","link":"http:\/\/www.lyceecharlescoulomb.fr\/site\/?page_id=567","title":{"rendered":"BAC Pro MSPC Maintenance des Syst\u00e8mes de Production Connect\u00e9s"},"content":{"rendered":"\t\t<div data-elementor-type=\"wp-post\" data-elementor-id=\"567\" class=\"elementor elementor-567\">\n\t\t\t\t\t\t<section class=\"elementor-section elementor-top-section elementor-element elementor-element-a88eee8 elementor-section-boxed elementor-section-height-default elementor-section-height-default\" data-id=\"a88eee8\" data-element_type=\"section\" data-e-type=\"section\">\n\t\t\t\t\t\t<div class=\"elementor-container elementor-column-gap-default\">\n\t\t\t\t\t<div class=\"elementor-column elementor-col-50 elementor-top-column elementor-element elementor-element-6a05fef\" data-id=\"6a05fef\" data-element_type=\"column\" data-e-type=\"column\">\n\t\t\t<div class=\"elementor-widget-wrap elementor-element-populated\">\n\t\t\t\t\t\t<div class=\"elementor-element elementor-element-cac625f elementor-widget elementor-widget-image\" data-id=\"cac625f\" data-element_type=\"widget\" data-e-type=\"widget\" data-widget_type=\"image.default\">\n\t\t\t\t<div class=\"elementor-widget-container\">\n\t\t\t\t\t\t\t\t\t\t\t\t\t\t\t\t<a href=\"http:\/\/www.lyceecharlescoulomb.fr\/site\/wp-content\/uploads\/2025\/07\/Selection_114.png\" data-elementor-open-lightbox=\"yes\" data-elementor-lightbox-title=\"S\u00e9lection_114\" data-e-action-hash=\"#elementor-action%3Aaction%3Dlightbox%26settings%3DeyJpZCI6NjM0MywidXJsIjoiaHR0cDpcL1wvd3d3Lmx5Y2VlY2hhcmxlc2NvdWxvbWIuZnJcL3NpdGVcL3dwLWNvbnRlbnRcL3VwbG9hZHNcLzIwMjVcLzA3XC9TZWxlY3Rpb25fMTE0LnBuZyJ9\">\n\t\t\t\t\t\t\t<img fetchpriority=\"high\" decoding=\"async\" width=\"388\" height=\"384\" src=\"http:\/\/www.lyceecharlescoulomb.fr\/site\/wp-content\/uploads\/2025\/07\/Selection_114.png\" class=\"attachment-large size-large wp-image-6343\" alt=\"\" srcset=\"http:\/\/www.lyceecharlescoulomb.fr\/site\/wp-content\/uploads\/2025\/07\/Selection_114.png 388w, http:\/\/www.lyceecharlescoulomb.fr\/site\/wp-content\/uploads\/2025\/07\/Selection_114-300x297.png 300w\" sizes=\"(max-width: 388px) 100vw, 388px\" \/>\t\t\t\t\t\t\t\t<\/a>\n\t\t\t\t\t\t\t\t\t\t\t\t\t\t\t<\/div>\n\t\t\t\t<\/div>\n\t\t\t\t<div class=\"elementor-element elementor-element-801b3f4 elementor-widget elementor-widget-text-editor\" data-id=\"801b3f4\" data-element_type=\"widget\" data-e-type=\"widget\" data-widget_type=\"text-editor.default\">\n\t\t\t\t<div class=\"elementor-widget-container\">\n\t\t\t\t\t\t\t\t\t<p><span style=\"font-size: 14pt;\">Le titulaire du baccalaur\u00e9at Maintenance des Syst\u00e8mes <\/span><span style=\"font-size: 14pt;\">de Production Connect\u00e9s est un professionnel <\/span><span style=\"font-size: 14pt;\">polyvalent.<br \/>Il est le garant du bon fonctionnement des <\/span><span style=\"font-size: 14pt;\">syst\u00e8mes tout au long de leur cycle de vie. Le <\/span><span style=\"font-size: 14pt;\">d\u00e9ploiement de l&rsquo;industrie 4.0 n\u00e9cessite une adaptation <\/span><span style=\"font-size: 14pt;\">du m\u00e9tier de la maintenance industrielle.<\/span><\/p>\t\t\t\t\t\t\t\t<\/div>\n\t\t\t\t<\/div>\n\t\t\t\t\t<\/div>\n\t\t<\/div>\n\t\t\t\t<div class=\"elementor-column elementor-col-50 elementor-top-column elementor-element elementor-element-2053842\" data-id=\"2053842\" data-element_type=\"column\" data-e-type=\"column\">\n\t\t\t<div class=\"elementor-widget-wrap elementor-element-populated\">\n\t\t\t\t\t\t<div class=\"elementor-element elementor-element-3b732b7 elementor-widget elementor-widget-video\" data-id=\"3b732b7\" data-element_type=\"widget\" data-e-type=\"widget\" data-settings=\"{&quot;youtube_url&quot;:&quot;https:\\\/\\\/www.youtube.com\\\/watch?v=qDGG6a6sBHo&quot;,&quot;video_type&quot;:&quot;youtube&quot;,&quot;controls&quot;:&quot;yes&quot;}\" data-widget_type=\"video.default\">\n\t\t\t\t<div class=\"elementor-widget-container\">\n\t\t\t\t\t\t\t<div class=\"elementor-wrapper elementor-open-inline\">\n\t\t\t<div class=\"elementor-video\"><\/div>\t\t<\/div>\n\t\t\t\t\t\t<\/div>\n\t\t\t\t<\/div>\n\t\t\t\t<div class=\"elementor-element elementor-element-87b9aa6 elementor-button-info elementor-widget elementor-widget-button\" data-id=\"87b9aa6\" data-element_type=\"widget\" data-e-type=\"widget\" data-widget_type=\"button.default\">\n\t\t\t\t<div class=\"elementor-widget-container\">\n\t\t\t\t\t\t\t\t\t<div class=\"elementor-button-wrapper\">\n\t\t\t\t\t<a class=\"elementor-button elementor-button-link elementor-size-sm\" href=\"https:\/\/williamroque5.wixsite.com\/a-vos-machines\" target=\"_blank\">\n\t\t\t\t\t\t<span class=\"elementor-button-content-wrapper\">\n\t\t\t\t\t\t\t\t\t<span class=\"elementor-button-text\">Pr\u00e9sentation de la section maintenance du lyc\u00e9e Coulomb<\/span>\n\t\t\t\t\t<\/span>\n\t\t\t\t\t<\/a>\n\t\t\t\t<\/div>\n\t\t\t\t\t\t\t\t<\/div>\n\t\t\t\t<\/div>\n\t\t\t\t<div class=\"elementor-element elementor-element-6f51439 elementor-widget elementor-widget-image\" data-id=\"6f51439\" data-element_type=\"widget\" data-e-type=\"widget\" data-widget_type=\"image.default\">\n\t\t\t\t<div class=\"elementor-widget-container\">\n\t\t\t\t\t\t\t\t\t\t\t\t\t\t\t<img decoding=\"async\" width=\"294\" height=\"293\" src=\"http:\/\/www.lyceecharlescoulomb.fr\/site\/wp-content\/uploads\/2025\/07\/Selection_115.png\" class=\"attachment-large size-large wp-image-6345\" alt=\"\" srcset=\"http:\/\/www.lyceecharlescoulomb.fr\/site\/wp-content\/uploads\/2025\/07\/Selection_115.png 294w, http:\/\/www.lyceecharlescoulomb.fr\/site\/wp-content\/uploads\/2025\/07\/Selection_115-200x200.png 200w\" sizes=\"(max-width: 294px) 100vw, 294px\" \/>\t\t\t\t\t\t\t\t\t\t\t\t\t\t\t<\/div>\n\t\t\t\t<\/div>\n\t\t\t\t\t<\/div>\n\t\t<\/div>\n\t\t\t\t\t<\/div>\n\t\t<\/section>\n\t\t\t\t<section class=\"elementor-section elementor-top-section elementor-element elementor-element-3c7757f8 elementor-section-boxed elementor-section-height-default elementor-section-height-default\" data-id=\"3c7757f8\" data-element_type=\"section\" data-e-type=\"section\">\n\t\t\t\t\t\t<div class=\"elementor-container elementor-column-gap-default\">\n\t\t\t\t\t<div class=\"elementor-column elementor-col-100 elementor-top-column elementor-element elementor-element-4c97f898\" data-id=\"4c97f898\" data-element_type=\"column\" data-e-type=\"column\">\n\t\t\t<div class=\"elementor-widget-wrap elementor-element-populated\">\n\t\t\t\t\t\t<div class=\"elementor-element elementor-element-fa72281 elementor-widget elementor-widget-heading\" data-id=\"fa72281\" data-element_type=\"widget\" data-e-type=\"widget\" data-widget_type=\"heading.default\">\n\t\t\t\t<div class=\"elementor-widget-container\">\n\t\t\t\t\t<h2 class=\"elementor-heading-title elementor-size-default\"><span class=\"Style3\">BAC PRO \nMaintenance des Syst\u00e8mes de Production Connect\u00e9s\n<\/span><\/h2>\t\t\t\t<\/div>\n\t\t\t\t<\/div>\n\t\t\t\t<div class=\"elementor-element elementor-element-18f57eb0 elementor-tabs-view-horizontal elementor-widget elementor-widget-tabs\" data-id=\"18f57eb0\" data-element_type=\"widget\" data-e-type=\"widget\" data-widget_type=\"tabs.default\">\n\t\t\t\t<div class=\"elementor-widget-container\">\n\t\t\t\t\t\t\t<div class=\"elementor-tabs\">\n\t\t\t<div class=\"elementor-tabs-wrapper\" role=\"tablist\" >\n\t\t\t\t\t\t\t\t\t<div id=\"elementor-tab-title-4181\" class=\"elementor-tab-title elementor-tab-desktop-title\" aria-selected=\"true\" data-tab=\"1\" role=\"tab\" tabindex=\"0\" aria-controls=\"elementor-tab-content-4181\" aria-expanded=\"false\">Objectifs<\/div>\n\t\t\t\t\t\t\t\t\t<div id=\"elementor-tab-title-4182\" class=\"elementor-tab-title elementor-tab-desktop-title\" aria-selected=\"false\" data-tab=\"2\" role=\"tab\" tabindex=\"-1\" aria-controls=\"elementor-tab-content-4182\" aria-expanded=\"false\">Admission<\/div>\n\t\t\t\t\t\t\t\t\t<div id=\"elementor-tab-title-4183\" class=\"elementor-tab-title elementor-tab-desktop-title\" aria-selected=\"false\" data-tab=\"3\" role=\"tab\" tabindex=\"-1\" aria-controls=\"elementor-tab-content-4183\" aria-expanded=\"false\">Contenu<\/div>\n\t\t\t\t\t\t\t\t\t<div id=\"elementor-tab-title-4184\" class=\"elementor-tab-title elementor-tab-desktop-title\" aria-selected=\"false\" data-tab=\"4\" role=\"tab\" tabindex=\"-1\" aria-controls=\"elementor-tab-content-4184\" aria-expanded=\"false\">Apr\u00e8s le BAC<\/div>\n\t\t\t\t\t\t\t\t\t<div id=\"elementor-tab-title-4185\" class=\"elementor-tab-title elementor-tab-desktop-title\" aria-selected=\"false\" data-tab=\"5\" role=\"tab\" tabindex=\"-1\" aria-controls=\"elementor-tab-content-4185\" aria-expanded=\"false\">Onisep<\/div>\n\t\t\t\t\t\t\t<\/div>\n\t\t\t<div class=\"elementor-tabs-content-wrapper\" role=\"tablist\" aria-orientation=\"vertical\">\n\t\t\t\t\t\t\t\t\t<div class=\"elementor-tab-title elementor-tab-mobile-title\" aria-selected=\"true\" data-tab=\"1\" role=\"tab\" tabindex=\"0\" aria-controls=\"elementor-tab-content-4181\" aria-expanded=\"false\">Objectifs<\/div>\n\t\t\t\t\t<div id=\"elementor-tab-content-4181\" class=\"elementor-tab-content elementor-clearfix\" data-tab=\"1\" role=\"tabpanel\" aria-labelledby=\"elementor-tab-title-4181\" tabindex=\"0\" hidden=\"false\"><div id=\"CalqueOnglet1\"><p>\u00a0<\/p><p>L\u2019ouvrier qualifi\u00e9 en maintenance industrielle a en charge le maintien de l\u2019outil de production en bon \u00e9tat de fonctionnement pour lui permettre de travailler dans les meilleures conditions de rendement et de s\u00e9curit\u00e9. Les professionnels de la maintenance repr\u00e9sentent actuellement pr\u00e8s de 10% de l\u2019effectif des personnels de l\u2019industrie (environ 400\u00a0000 personnes). Avec le d\u00e9veloppement des nouvelles technologies et l\u2019emploi de techniques de plus en plus sophistiqu\u00e9es, d\u2019un co\u00fbt de plus en plus \u00e9lev\u00e9, le r\u00f4le du professionnel de la maintenance est indispensable au sein du tissu industriel. Selon le domaine industriel dans lequel il intervient, son travail est tr\u00e8s vari\u00e9 et les capacit\u00e9s dont il doit faire preuve sont grandes\u00a0:<\/p><ul type=\"disc\"><li><strong>Analyser<\/strong> le fonctionnement\u00a0d\u2019un syst\u00e8me<\/li><li><strong>Rep\u00e9rer<\/strong> des anomalies<\/li><li><strong>D\u00e9panner<\/strong> des syst\u00e8mes m\u00e9caniques, \u00e9lectriques, pneumatiques ou hydrauliques<\/li><li><strong>Ma\u00eetriser<\/strong> des technologies d\u2019aide au diagnostic et des technologies d\u2019intervention<\/li><li><strong>Planifier<\/strong> des op\u00e9rations de surveillance<\/li><li><strong>Communiquer<\/strong> avec les utilisateurs et les membres de son service<\/li><\/ul><p>\u00a0<\/p><\/div><\/div>\n\t\t\t\t\t\t\t\t\t<div class=\"elementor-tab-title elementor-tab-mobile-title\" aria-selected=\"false\" data-tab=\"2\" role=\"tab\" tabindex=\"-1\" aria-controls=\"elementor-tab-content-4182\" aria-expanded=\"false\">Admission<\/div>\n\t\t\t\t\t<div id=\"elementor-tab-content-4182\" class=\"elementor-tab-content elementor-clearfix\" data-tab=\"2\" role=\"tabpanel\" aria-labelledby=\"elementor-tab-title-4182\" tabindex=\"0\" hidden=\"hidden\"><div id=\"CalqueOnglet2\"><p>L&rsquo;admission se fait \u00e0 l&rsquo;issue de la classe de 3\u00e8me apr\u00e8s :<\/p><ul><li>la <strong>d\u00e9cision d&rsquo;orientation<\/strong> favorable \u00e0 la seconde professionnelle, prononc\u00e9e par le conseil de classe du troisi\u00e8me trimestre,<\/li><li>et, apr\u00e8s la <strong>d\u00e9cision d&rsquo;affectation<\/strong> qui consiste \u00e0 \u00eatre admis dans un lyc\u00e9e professionnel.<\/li><\/ul><p>L&rsquo;affectation est le r\u00e9sultat d&rsquo;un processus de s\u00e9lection informatis\u00e9e bas\u00e9 sur trois crit\u00e8res :<\/p><ul><li>les r\u00e9sultats scolaires de l&rsquo;ann\u00e9e de troisi\u00e8me,<\/li><li>l&rsquo;avis du chef d&rsquo;\u00e9tablissement (coll\u00e8ge)<\/li><li>et les capacit\u00e9s prioritairement attendues pour la formation demand\u00e9e.<\/li><\/ul><p>L&rsquo;admission en lyc\u00e9e professionnel doit \u00eatre obligatoirement suivie d&rsquo;une inscription de l&rsquo;\u00e9l\u00e8ve (dans un d\u00e9lai de 8 jours maximum).<\/p><\/div><\/div>\n\t\t\t\t\t\t\t\t\t<div class=\"elementor-tab-title elementor-tab-mobile-title\" aria-selected=\"false\" data-tab=\"3\" role=\"tab\" tabindex=\"-1\" aria-controls=\"elementor-tab-content-4183\" aria-expanded=\"false\">Contenu<\/div>\n\t\t\t\t\t<div id=\"elementor-tab-content-4183\" class=\"elementor-tab-content elementor-clearfix\" data-tab=\"3\" role=\"tabpanel\" aria-labelledby=\"elementor-tab-title-4183\" tabindex=\"0\" hidden=\"hidden\"><p>Durant les trois ann\u00e9es de formation, les \u00e9l\u00e8ves recevront, en plus des enseignements g\u00e9n\u00e9raux (lettres, langue vivante, math\u00e9matiques, etc.) un enseignement professionnel de 12 heures 30 par semaine, dont la majeure partie s\u2019effectue en atelier en groupe de 12 \u00e9l\u00e8ves. Durant cet enseignement les \u00e9l\u00e8ves apprendront \u00e0\u00a0:<\/p><ul type=\"disc\"><li>R\u00e9aliser de la maintenance corrective<ul type=\"circle\"><li>Diagnostiquer des pannes<\/li><li>Pr\u00e9parer une intervention \u00a0<\/li><li>R\u00e9aliser des r\u00e9parations m\u00e9caniques, \u00e9lectriques, pneumatiques, hydrauliques<\/li><li>Rendre compte d\u2019une intervention<\/li><li>Actualiser le dossier technique d\u2019un syst\u00e8me<\/li><\/ul><\/li><li>R\u00e9aliser de la maintenance pr\u00e9ventive<ul type=\"circle\"><li>R\u00e9aliser des op\u00e9rations de surveillance<\/li><li>R\u00e9aliser des op\u00e9rations planifi\u00e9es<\/li><\/ul><\/li><li>Mettre en oeuvre des am\u00e9liorations<ul type=\"circle\"><li>Proposer, pr\u00e9parer et r\u00e9aliser des am\u00e9liorations ou des modifications<\/li><\/ul><\/li><li>Int\u00e9grer de nouveaux biens<ul type=\"circle\"><li>Installer et mettre en service de nouveaux biens<\/li><\/ul><\/li><li>Communiquer avec les diff\u00e9rents interlocuteurs<ul type=\"circle\"><li>Dialoguer au sein d\u2019une \u00e9quipe<\/li><li>Signaler et transmettre des informations<\/li><\/ul><\/li><\/ul><p>Durant ces trois ann\u00e9es, les \u00e9l\u00e8ves effectueront \u00e9galement des p\u00e9riodes de formation en milieu professionnel d\u2019une dur\u00e9e totale de 22 semaines, p\u00e9riode obligatoire dans la formation et d\u00e9terminante dans la validation menant au dipl\u00f4me.<br \/>En cours de cursus, les \u00e9l\u00e8ves pourront \u00e9galement valider un dipl\u00f4me de niveau V (BEP des m\u00e9tiers de la maintenance), ce dipl\u00f4me comme le Bac Pro, \u00e9tant \u00e9valu\u00e9 pour partie en CCF (Contr\u00f4le en Cours de Formation), et en \u00e9preuves ponctuelles en fin d\u2019ann\u00e9e.<\/p><\/div>\n\t\t\t\t\t\t\t\t\t<div class=\"elementor-tab-title elementor-tab-mobile-title\" aria-selected=\"false\" data-tab=\"4\" role=\"tab\" tabindex=\"-1\" aria-controls=\"elementor-tab-content-4184\" aria-expanded=\"false\">Apr\u00e8s le BAC<\/div>\n\t\t\t\t\t<div id=\"elementor-tab-content-4184\" class=\"elementor-tab-content elementor-clearfix\" data-tab=\"4\" role=\"tabpanel\" aria-labelledby=\"elementor-tab-title-4184\" tabindex=\"0\" hidden=\"hidden\"><div id=\"CalqueOnglet4\"><p>\u00a0<\/p><p>Vid\u00e9o issue du YOUTUBE <a href=\"https:\/\/youtu.be\/kJhJYA2fg_I?si=rqAc46oxgdbViIQa\" target=\"_blank\" rel=\"noopener\">c&rsquo;est ici<\/a><\/p><\/div><p><\/p><div id=\"CalqueOnglet4\"><p>Apr\u00e8s le Bac Pro MEI, les \u00e9l\u00e8ves peuvent choisir l\u2019entr\u00e9e dans la vie active en tant que\u00a0:<\/p><ul type=\"disc\"><li>Ascensoriste<\/li><li>Electro-m\u00e9canicien<\/li><li>Technicien de maintenance industrielle<\/li><li>M\u00e9canicien de mat\u00e9riels de travaux publics, de manutention et de levage<\/li><li>M\u00e9canicien de maintenance ferroviaire<\/li><\/ul><p>Ils peuvent \u00e9galement opter pour une poursuite d\u2019\u00e9tudes vers diff\u00e9rents BTS ou mentions compl\u00e9mentaires\u00a0(MC):<\/p><ul type=\"disc\"><li>BTS maintenance industrielle<\/li><li>BTS m\u00e9canique et automatismes industriels<\/li><li>BTS \u00e9lectrotechnique<\/li><li>FCIL Technicien de maintenance des ascenseurs<\/li><li>MC Maintenance des installations ol\u00e9ohydrauliques et pneumatiques<\/li><li>Technicien r\u00e9paration, modernisation en ascenseurs<\/li><li>&#8230;<\/li><\/ul><\/div><\/div>\n\t\t\t\t\t\t\t\t\t<div class=\"elementor-tab-title elementor-tab-mobile-title\" aria-selected=\"false\" data-tab=\"5\" role=\"tab\" tabindex=\"-1\" aria-controls=\"elementor-tab-content-4185\" aria-expanded=\"false\">Onisep<\/div>\n\t\t\t\t\t<div id=\"elementor-tab-content-4185\" class=\"elementor-tab-content elementor-clearfix\" data-tab=\"5\" role=\"tabpanel\" aria-labelledby=\"elementor-tab-title-4185\" tabindex=\"0\" hidden=\"hidden\"><p><a href=\"https:\/\/www.onisep.fr\/ressources\/univers-formation\/formations\/lycees\/bac-pro-maintenance-des-systemes-de-production-connectes\" target=\"_blank\" rel=\"noopener\">https:\/\/www.onisep.fr\/ressources\/univers-formation\/formations\/lycees\/bac-pro-maintenance-des-systemes-de-production-connectes<\/a><\/p><\/div>\n\t\t\t\t\t\t\t<\/div>\n\t\t<\/div>\n\t\t\t\t\t\t<\/div>\n\t\t\t\t<\/div>\n\t\t\t\t<div class=\"elementor-element elementor-element-5178f1c elementor-widget elementor-widget-image\" data-id=\"5178f1c\" data-element_type=\"widget\" data-e-type=\"widget\" data-widget_type=\"image.default\">\n\t\t\t\t<div class=\"elementor-widget-container\">\n\t\t\t\t\t\t\t\t\t\t\t\t<figure class=\"wp-caption\">\n\t\t\t\t\t\t\t\t\t\t\t<a href=\"http:\/\/www.lyceecharlescoulomb.fr\/site\/wp-content\/uploads\/2022\/01\/Plaquette-BP-MSPC-modifiee-2021-2022.pdf\" target=\"_blank\">\n\t\t\t\t\t\t\t<img decoding=\"async\" width=\"595\" height=\"842\" src=\"http:\/\/www.lyceecharlescoulomb.fr\/site\/wp-content\/uploads\/2022\/01\/Plaquette-BP-MSPC-modifiee-2021-2022.png\" class=\"attachment-medium_large size-medium_large wp-image-3547\" alt=\"\" srcset=\"http:\/\/www.lyceecharlescoulomb.fr\/site\/wp-content\/uploads\/2022\/01\/Plaquette-BP-MSPC-modifiee-2021-2022.png 595w, http:\/\/www.lyceecharlescoulomb.fr\/site\/wp-content\/uploads\/2022\/01\/Plaquette-BP-MSPC-modifiee-2021-2022-212x300.png 212w\" sizes=\"(max-width: 595px) 100vw, 595px\" \/>\t\t\t\t\t\t\t\t<\/a>\n\t\t\t\t\t\t\t\t\t\t\t<figcaption class=\"widget-image-caption wp-caption-text\"><strong>Plaquette t\u00e9l\u00e9chargeable en cliquant sur l'image<\/strong><\/figcaption>\n\t\t\t\t\t\t\t\t\t\t<\/figure>\n\t\t\t\t\t\t\t\t\t<\/div>\n\t\t\t\t<\/div>\n\t\t\t\t\t<\/div>\n\t\t<\/div>\n\t\t\t\t\t<\/div>\n\t\t<\/section>\n\t\t\t\t<\/div>\n\t\t","protected":false},"excerpt":{"rendered":"<p>Le titulaire du baccalaur\u00e9at Maintenance des Syst\u00e8mes de Production Connect\u00e9s est un professionnel polyvalent.Il est le garant du bon fonctionnement des syst\u00e8mes tout au long de leur cycle de vie. [&hellip;]<\/p>\n","protected":false},"author":9,"featured_media":0,"parent":1179,"menu_order":1,"comment_status":"closed","ping_status":"closed","template":"","meta":{"ocean_post_layout":"","ocean_both_sidebars_style":"","ocean_both_sidebars_content_width":0,"ocean_both_sidebars_sidebars_width":0,"ocean_sidebar":"0","ocean_second_sidebar":"0","ocean_disable_margins":"enable","ocean_add_body_class":"","ocean_shortcode_before_top_bar":"","ocean_shortcode_after_top_bar":"","ocean_shortcode_before_header":"","ocean_shortcode_after_header":"","ocean_has_shortcode":"","ocean_shortcode_after_title":"","ocean_shortcode_before_footer_widgets":"","ocean_shortcode_after_footer_widgets":"","ocean_shortcode_before_footer_bottom":"","ocean_shortcode_after_footer_bottom":"","ocean_display_top_bar":"default","ocean_display_header":"default","ocean_header_style":"","ocean_center_header_left_menu":"0","ocean_custom_header_template":"0","ocean_custom_logo":0,"ocean_custom_retina_logo":0,"ocean_custom_logo_max_width":0,"ocean_custom_logo_tablet_max_width":0,"ocean_custom_logo_mobile_max_width":0,"ocean_custom_logo_max_height":0,"ocean_custom_logo_tablet_max_height":0,"ocean_custom_logo_mobile_max_height":0,"ocean_header_custom_menu":"0","ocean_menu_typo_font_family":"0","ocean_menu_typo_font_subset":"","ocean_menu_typo_font_size":0,"ocean_menu_typo_font_size_tablet":0,"ocean_menu_typo_font_size_mobile":0,"ocean_menu_typo_font_size_unit":"px","ocean_menu_typo_font_weight":"","ocean_menu_typo_font_weight_tablet":"","ocean_menu_typo_font_weight_mobile":"","ocean_menu_typo_transform":"","ocean_menu_typo_transform_tablet":"","ocean_menu_typo_transform_mobile":"","ocean_menu_typo_line_height":0,"ocean_menu_typo_line_height_tablet":0,"ocean_menu_typo_line_height_mobile":0,"ocean_menu_typo_line_height_unit":"","ocean_menu_typo_spacing":0,"ocean_menu_typo_spacing_tablet":0,"ocean_menu_typo_spacing_mobile":0,"ocean_menu_typo_spacing_unit":"","ocean_menu_link_color":"","ocean_menu_link_color_hover":"","ocean_menu_link_color_active":"","ocean_menu_link_background":"","ocean_menu_link_hover_background":"","ocean_menu_link_active_background":"","ocean_menu_social_links_bg":"","ocean_menu_social_hover_links_bg":"","ocean_menu_social_links_color":"","ocean_menu_social_hover_links_color":"","ocean_disable_title":"default","ocean_disable_heading":"default","ocean_post_title":"","ocean_post_subheading":"","ocean_post_title_style":"","ocean_post_title_background_color":"","ocean_post_title_background":0,"ocean_post_title_bg_image_position":"","ocean_post_title_bg_image_attachment":"","ocean_post_title_bg_image_repeat":"","ocean_post_title_bg_image_size":"","ocean_post_title_height":0,"ocean_post_title_bg_overlay":0.5,"ocean_post_title_bg_overlay_color":"","ocean_disable_breadcrumbs":"default","ocean_breadcrumbs_color":"","ocean_breadcrumbs_separator_color":"","ocean_breadcrumbs_links_color":"","ocean_breadcrumbs_links_hover_color":"","ocean_display_footer_widgets":"default","ocean_display_footer_bottom":"default","ocean_custom_footer_template":"0","footnotes":""},"class_list":["post-567","page","type-page","status-publish","hentry","entry"],"_links":{"self":[{"href":"http:\/\/www.lyceecharlescoulomb.fr\/site\/index.php?rest_route=\/wp\/v2\/pages\/567","targetHints":{"allow":["GET"]}}],"collection":[{"href":"http:\/\/www.lyceecharlescoulomb.fr\/site\/index.php?rest_route=\/wp\/v2\/pages"}],"about":[{"href":"http:\/\/www.lyceecharlescoulomb.fr\/site\/index.php?rest_route=\/wp\/v2\/types\/page"}],"author":[{"embeddable":true,"href":"http:\/\/www.lyceecharlescoulomb.fr\/site\/index.php?rest_route=\/wp\/v2\/users\/9"}],"replies":[{"embeddable":true,"href":"http:\/\/www.lyceecharlescoulomb.fr\/site\/index.php?rest_route=%2Fwp%2Fv2%2Fcomments&post=567"}],"version-history":[{"count":96,"href":"http:\/\/www.lyceecharlescoulomb.fr\/site\/index.php?rest_route=\/wp\/v2\/pages\/567\/revisions"}],"predecessor-version":[{"id":6357,"href":"http:\/\/www.lyceecharlescoulomb.fr\/site\/index.php?rest_route=\/wp\/v2\/pages\/567\/revisions\/6357"}],"up":[{"embeddable":true,"href":"http:\/\/www.lyceecharlescoulomb.fr\/site\/index.php?rest_route=\/wp\/v2\/pages\/1179"}],"wp:attachment":[{"href":"http:\/\/www.lyceecharlescoulomb.fr\/site\/index.php?rest_route=%2Fwp%2Fv2%2Fmedia&parent=567"}],"curies":[{"name":"wp","href":"https:\/\/api.w.org\/{rel}","templated":true}]}}