{"id":751,"date":"2019-10-20T14:31:45","date_gmt":"2019-10-20T12:31:45","guid":{"rendered":"http:\/\/www.lyceecharlescoulomb.fr\/site\/?page_id=751"},"modified":"2025-10-16T18:53:08","modified_gmt":"2025-10-16T16:53:08","slug":"stl","status":"publish","type":"page","link":"http:\/\/www.lyceecharlescoulomb.fr\/site\/?page_id=751","title":{"rendered":"sciences et technologies de laboratoire (STL\/Biochimie-Biologie-Biotechnologie)"},"content":{"rendered":"\t\t<div data-elementor-type=\"wp-page\" data-elementor-id=\"751\" class=\"elementor elementor-751\">\n\t\t\t\t\t\t<section class=\"elementor-section elementor-top-section elementor-element elementor-element-0e91dac elementor-section-boxed elementor-section-height-default elementor-section-height-default\" data-id=\"0e91dac\" data-element_type=\"section\" data-e-type=\"section\">\n\t\t\t\t\t\t<div class=\"elementor-container elementor-column-gap-default\">\n\t\t\t\t\t<div class=\"elementor-column elementor-col-100 elementor-top-column elementor-element elementor-element-b1e25d7\" data-id=\"b1e25d7\" data-element_type=\"column\" data-e-type=\"column\">\n\t\t\t<div class=\"elementor-widget-wrap elementor-element-populated\">\n\t\t\t\t\t\t<div class=\"elementor-element elementor-element-1919a1e elementor-widget elementor-widget-text-editor\" data-id=\"1919a1e\" data-element_type=\"widget\" data-e-type=\"widget\" data-widget_type=\"text-editor.default\">\n\t\t\t\t<div class=\"elementor-widget-container\">\n\t\t\t\t\t\t\t\t\tVid\u00e9o de pr\u00e9sentation :\t\t\t\t\t\t\t\t<\/div>\n\t\t\t\t<\/div>\n\t\t\t\t<div class=\"elementor-element elementor-element-a52b0a0 elementor-widget elementor-widget-video\" data-id=\"a52b0a0\" data-element_type=\"widget\" data-e-type=\"widget\" data-settings=\"{&quot;youtube_url&quot;:&quot;https:\\\/\\\/www.youtube.com\\\/watch?v=2wRyfcu3vDU&amp;list=PLl9So9TbGHdvVkrSOxnslx8g9uDSLhVZv&quot;,&quot;video_type&quot;:&quot;youtube&quot;,&quot;controls&quot;:&quot;yes&quot;}\" data-widget_type=\"video.default\">\n\t\t\t\t<div class=\"elementor-widget-container\">\n\t\t\t\t\t\t\t<div class=\"elementor-wrapper elementor-open-inline\">\n\t\t\t<div class=\"elementor-video\"><\/div>\t\t<\/div>\n\t\t\t\t\t\t<\/div>\n\t\t\t\t<\/div>\n\t\t\t\t\t<\/div>\n\t\t<\/div>\n\t\t\t\t\t<\/div>\n\t\t<\/section>\n\t\t\t\t<section class=\"elementor-section elementor-top-section elementor-element elementor-element-586473bc elementor-section-boxed elementor-section-height-default elementor-section-height-default\" data-id=\"586473bc\" data-element_type=\"section\" data-e-type=\"section\">\n\t\t\t\t\t\t<div class=\"elementor-container elementor-column-gap-default\">\n\t\t\t\t\t<div class=\"elementor-column elementor-col-100 elementor-top-column elementor-element elementor-element-202ab94a\" data-id=\"202ab94a\" data-element_type=\"column\" data-e-type=\"column\">\n\t\t\t<div class=\"elementor-widget-wrap elementor-element-populated\">\n\t\t\t\t\t\t<section class=\"elementor-section elementor-inner-section elementor-element elementor-element-d098f11 elementor-section-boxed elementor-section-height-default elementor-section-height-default\" data-id=\"d098f11\" data-element_type=\"section\" data-e-type=\"section\">\n\t\t\t\t\t\t<div class=\"elementor-container elementor-column-gap-default\">\n\t\t\t\t\t<div class=\"elementor-column elementor-col-50 elementor-inner-column elementor-element elementor-element-76dc836\" data-id=\"76dc836\" data-element_type=\"column\" data-e-type=\"column\">\n\t\t\t<div class=\"elementor-widget-wrap elementor-element-populated\">\n\t\t\t\t\t\t<div class=\"elementor-element elementor-element-2dd147b elementor-widget elementor-widget-image\" data-id=\"2dd147b\" data-element_type=\"widget\" data-e-type=\"widget\" data-widget_type=\"image.default\">\n\t\t\t\t<div class=\"elementor-widget-container\">\n\t\t\t\t\t\t\t\t\t\t\t\t\t\t\t\t<a href=\"http:\/\/www.lyceecharlescoulomb.fr\/site\/wp-content\/uploads\/2025\/10\/ok-8-scaled.jpg\" target=\"_blank\">\n\t\t\t\t\t\t\t<img fetchpriority=\"high\" decoding=\"async\" width=\"1024\" height=\"768\" src=\"http:\/\/www.lyceecharlescoulomb.fr\/site\/wp-content\/uploads\/2025\/10\/ok-8-1024x768.jpg\" class=\"attachment-large size-large wp-image-6383\" alt=\"\" srcset=\"http:\/\/www.lyceecharlescoulomb.fr\/site\/wp-content\/uploads\/2025\/10\/ok-8-1024x768.jpg 1024w, http:\/\/www.lyceecharlescoulomb.fr\/site\/wp-content\/uploads\/2025\/10\/ok-8-300x225.jpg 300w, http:\/\/www.lyceecharlescoulomb.fr\/site\/wp-content\/uploads\/2025\/10\/ok-8-768x576.jpg 768w, http:\/\/www.lyceecharlescoulomb.fr\/site\/wp-content\/uploads\/2025\/10\/ok-8-1536x1152.jpg 1536w, http:\/\/www.lyceecharlescoulomb.fr\/site\/wp-content\/uploads\/2025\/10\/ok-8-2048x1536.jpg 2048w\" sizes=\"(max-width: 1024px) 100vw, 1024px\" \/>\t\t\t\t\t\t\t\t<\/a>\n\t\t\t\t\t\t\t\t\t\t\t\t\t\t\t<\/div>\n\t\t\t\t<\/div>\n\t\t\t\t\t<\/div>\n\t\t<\/div>\n\t\t\t\t<div class=\"elementor-column elementor-col-50 elementor-inner-column elementor-element elementor-element-5322750\" data-id=\"5322750\" data-element_type=\"column\" data-e-type=\"column\">\n\t\t\t<div class=\"elementor-widget-wrap elementor-element-populated\">\n\t\t\t\t\t\t<div class=\"elementor-element elementor-element-756f9a4 elementor-widget elementor-widget-image\" data-id=\"756f9a4\" data-element_type=\"widget\" data-e-type=\"widget\" data-widget_type=\"image.default\">\n\t\t\t\t<div class=\"elementor-widget-container\">\n\t\t\t\t\t\t\t\t\t\t\t\t\t\t\t\t<a href=\"http:\/\/www.lyceecharlescoulomb.fr\/site\/wp-content\/uploads\/2025\/10\/ok-1-scaled.jpg\" target=\"_blank\">\n\t\t\t\t\t\t\t<img decoding=\"async\" width=\"1024\" height=\"768\" src=\"http:\/\/www.lyceecharlescoulomb.fr\/site\/wp-content\/uploads\/2025\/10\/ok-1-1024x768.jpg\" class=\"attachment-large size-large wp-image-6382\" alt=\"\" srcset=\"http:\/\/www.lyceecharlescoulomb.fr\/site\/wp-content\/uploads\/2025\/10\/ok-1-1024x768.jpg 1024w, http:\/\/www.lyceecharlescoulomb.fr\/site\/wp-content\/uploads\/2025\/10\/ok-1-300x225.jpg 300w, http:\/\/www.lyceecharlescoulomb.fr\/site\/wp-content\/uploads\/2025\/10\/ok-1-768x576.jpg 768w, http:\/\/www.lyceecharlescoulomb.fr\/site\/wp-content\/uploads\/2025\/10\/ok-1-1536x1152.jpg 1536w, http:\/\/www.lyceecharlescoulomb.fr\/site\/wp-content\/uploads\/2025\/10\/ok-1-2048x1536.jpg 2048w\" sizes=\"(max-width: 1024px) 100vw, 1024px\" \/>\t\t\t\t\t\t\t\t<\/a>\n\t\t\t\t\t\t\t\t\t\t\t\t\t\t\t<\/div>\n\t\t\t\t<\/div>\n\t\t\t\t\t<\/div>\n\t\t<\/div>\n\t\t\t\t\t<\/div>\n\t\t<\/section>\n\t\t\t\t<div class=\"elementor-element elementor-element-6543a465 elementor-widget elementor-widget-image\" data-id=\"6543a465\" data-element_type=\"widget\" data-e-type=\"widget\" data-widget_type=\"image.default\">\n\t\t\t\t<div class=\"elementor-widget-container\">\n\t\t\t\t\t\t\t\t\t\t\t\t\t\t\t<img decoding=\"async\" src=\"http:\/\/www.lyceecharlescoulomb.fr\/site\/wp-content\/uploads\/elementor\/thumbs\/Bac-STL-2019_web_serie_entete-r0tz5x06m1gyjmhml3p6fjt1wl2ns469m64py3qn3c.jpg\" title=\"Bac-STL-2019_web_serie_entete\" alt=\"Bac-STL-2019_web_serie_entete\" loading=\"lazy\" \/>\t\t\t\t\t\t\t\t\t\t\t\t\t\t\t<\/div>\n\t\t\t\t<\/div>\n\t\t\t\t\t<\/div>\n\t\t<\/div>\n\t\t\t\t\t<\/div>\n\t\t<\/section>\n\t\t\t\t<section class=\"elementor-section elementor-top-section elementor-element elementor-element-3cf6c601 elementor-section-boxed elementor-section-height-default elementor-section-height-default\" data-id=\"3cf6c601\" data-element_type=\"section\" data-e-type=\"section\">\n\t\t\t\t\t\t<div class=\"elementor-container elementor-column-gap-default\">\n\t\t\t\t\t<div class=\"elementor-column elementor-col-100 elementor-top-column elementor-element elementor-element-569902b2\" data-id=\"569902b2\" data-element_type=\"column\" data-e-type=\"column\">\n\t\t\t<div class=\"elementor-widget-wrap elementor-element-populated\">\n\t\t\t\t\t\t<div class=\"elementor-element elementor-element-2576975b elementor-widget elementor-widget-heading\" data-id=\"2576975b\" data-element_type=\"widget\" data-e-type=\"widget\" data-widget_type=\"heading.default\">\n\t\t\t\t<div class=\"elementor-widget-container\">\n\t\t\t\t\t<h2 class=\"elementor-heading-title elementor-size-default\">Sciences et Technologies de Laboratoire<\/h2>\t\t\t\t<\/div>\n\t\t\t\t<\/div>\n\t\t\t\t\t<\/div>\n\t\t<\/div>\n\t\t\t\t\t<\/div>\n\t\t<\/section>\n\t\t\t\t<section class=\"elementor-section elementor-top-section elementor-element elementor-element-ade973d elementor-section-boxed elementor-section-height-default elementor-section-height-default\" data-id=\"ade973d\" data-element_type=\"section\" data-e-type=\"section\">\n\t\t\t\t\t\t<div class=\"elementor-container elementor-column-gap-default\">\n\t\t\t\t\t<div class=\"elementor-column elementor-col-100 elementor-top-column elementor-element elementor-element-a3f237d\" data-id=\"a3f237d\" data-element_type=\"column\" data-e-type=\"column\">\n\t\t\t<div class=\"elementor-widget-wrap elementor-element-populated\">\n\t\t\t\t\t\t<div class=\"elementor-element elementor-element-d167b5e elementor-widget elementor-widget-text-editor\" data-id=\"d167b5e\" data-element_type=\"widget\" data-e-type=\"widget\" data-widget_type=\"text-editor.default\">\n\t\t\t\t<div class=\"elementor-widget-container\">\n\t\t\t\t\t\t\t\t\t<h2 id=\"SousTitre\"><span style=\"color: #962b25;\">Objectifs<\/span><\/h2><p>Pour ceux qui s\u2019int\u00e9ressent \u00e0 la biologie et qui sont attir\u00e9s par les manipulations en laboratoire, la s\u00e9rie Sciences et Technologiesde Laboratoire vise la formation scientifique et technologique en biologie au cours du cycle terminal. Le programme de premi\u00e8re assure l\u2019acquisition de certains des concepts fondamentaux, en particulier scientifiques, n\u00e9cessaires \u00e0 la poursuite d\u2019\u00e9tudes dans le sup\u00e9rieur (Sant\u00e9, Environnement, Agro alimentaire, Recherche).<\/p><p><img decoding=\"async\" class=\"aligncenter\" src=\"http:\/\/www.lyceecharlescoulomb.fr\/site\/wp-content\/uploads\/2019\/11\/stl_1.png\" alt=\"\" \/><br \/>Ils sont approfondis en classe terminale simultan\u00e9ment \u00e0 l\u2019introduction de nouveaux concepts. Les connaissances et les capacit\u00e9s vis\u00e9es sont valid\u00e9es au cours de la classe terminale.<br \/>Les objectifs sont les suivants :<\/p><ul><li>d\u00e9velopper sa curiosit\u00e9 dans diff\u00e9rents domaines scientifiques,<\/li><li>mettre en \u0153uvre en autonomie des activit\u00e9s exp\u00e9rimentales en biotechnologies,<\/li><li>acqu\u00e9rir la rigueur d\u2019une d\u00e9marche exp\u00e9rimentale par une confrontation au r\u00e9el,<\/li><li>construire un raisonnement scientifique pour \u00e9mettre et r\u00e9pondre \u00e0 des hypoth\u00e8ses,<\/li><li>s\u2019approprier la d\u00e9marche d\u2019analyse par l\u2019approche exp\u00e9rimentale,<\/li><li>d\u00e9velopper une pens\u00e9e r\u00e9flexive et critique,<\/li><li>formuler une argumentation rigoureuse et structur\u00e9e,<\/li><li>s\u2019investir dans un projet et prendre des initiatives.<\/li><\/ul><p>L\u2019enseignement en s\u00e9rie STL biotechnologies privil\u00e9gie\u00a0la compr\u00e9hension des concepts scientifiques par la manipulation en laboratoire. Plus de la moiti\u00e9 de l\u2019enseignement se d\u00e9roule en groupe restreint, et une grande part de cet enseignement a lieu au laboratoire de biotechnologies.<\/p><div id=\"SousTitre\"><h2><span style=\"color: #962b25;\">Travailler ensemble dans un laboratoire de biotechnologies<\/span><\/h2><\/div><p><strong>S\u2019initier \u00e0 la recherche exp\u00e9rimentale et \u00e0 la d\u00e9marche de projet en biotechnologies<\/strong><\/p><blockquote><p>L\u2019initiation \u00e0 la d\u00e9marche de recherche en biologie mobilise les fondamentaux de l\u2019ensemble des quatre modules transversaux. Le questionnement sur les avanc\u00e9es techniques en biotechnologies au cours de l\u2019histoire permet de d\u00e9velopper une r\u00e9flexion \u00e9thique sur les cons\u00e9quences de la recherche actuelle.<\/p><\/blockquote><p><strong>Pr\u00e9venir les risques au laboratoire de biotechnologies<\/strong><\/p><blockquote><p><img decoding=\"async\" class=\"aligncenter\" src=\"http:\/\/www.lyceecharlescoulomb.fr\/site\/wp-content\/uploads\/2019\/11\/stl_2.png\" alt=\"\" \/>Pour \u00e9voluer en autonomie au laboratoire, les \u00e9l\u00e8ves identifient les dangers, analysent les risques encourus, appliquent les mesures de pr\u00e9vention adapt\u00e9es. En classe de premi\u00e8re, il n\u2019est pas attendu que les \u00e9l\u00e8ves proposent les mesures de pr\u00e9vention mais qu\u2019ils acqui\u00e8rent la d\u00e9marche d\u2019analyse des risques.<\/p><\/blockquote><p><strong>Obtenir des r\u00e9sultats de mesures fiables<\/strong><\/p><blockquote><p>La m\u00e9trologie \u00e9tant indispensable \u00e0 toute d\u00e9marche d\u2019assurance qualit\u00e9, il est important d\u2019acqu\u00e9rir, d\u00e8s le lyc\u00e9e, les \u00e9l\u00e9ments fondamentaux de cette culture m\u00e9trologique par leur mobilisation soutenue et r\u00e9fl\u00e9chie lors d\u2019activit\u00e9s exp\u00e9rimentales en laboratoire.<\/p><\/blockquote><p><strong>Utiliser des outils num\u00e9riques en biotechnologies<\/strong><\/p><blockquote><p><img decoding=\"async\" class=\"aligncenter\" src=\"http:\/\/www.lyceecharlescoulomb.fr\/site\/wp-content\/uploads\/2019\/11\/stl_3.png\" alt=\"\" \/><\/p><p>Les biotechnologies offrent des situations vari\u00e9es qui mobilisent et renforcent les comp\u00e9tences num\u00e9riques acquises au coll\u00e8ge pour obtenir et traiter les r\u00e9sultats exp\u00e9rimentaux, visualiser les Bio-mol\u00e9cules dans l\u2019espace, mener un travail collaboratif, pr\u00e9senter des conclusions, communiquer \u00e0 l\u2019\u00e9crit et \u00e0 l\u2019oral.<\/p><\/blockquote><div id=\"SousTitre\"><h2><span style=\"color: #962b25;\"><strong>Acqu\u00e9rir les fondamentaux technologiques et scientifiques des biotechnologies<\/strong><\/span><\/h2><\/div><p><strong>Observer la diversit\u00e9 du vivant \u00e0 l\u2019\u00e9chelle microscopique<\/strong><\/p><blockquote><p>L\u2019observation de cellules n\u00e9cessite la r\u00e9alisation de pr\u00e9parations microscopiques et l\u2019utilisation ma\u00eetris\u00e9e du microscope optique.<\/p><\/blockquote><p><strong>Cultiver, caract\u00e9riser pour identifier, d\u00e9nombrer des micro-organismes <\/strong><\/p><blockquote><p><img decoding=\"async\" class=\"aligncenter\" src=\"http:\/\/www.lyceecharlescoulomb.fr\/site\/wp-content\/uploads\/2019\/11\/stl_4.png\" alt=\"\" \/><\/p><p>La culture des micro-organismes au laboratoire impose de travailler en milieu aseptique ou avec du mat\u00e9riel st\u00e9rile. L\u2019identification d\u2019un micro-organisme n\u00e9cessite d\u2019\u00e9tudier une souche pure et de comparer les caract\u00e8res morphologiques, culturaux et m\u00e9taboliques \u00e0 ceux de micro-organismes r\u00e9f\u00e9renc\u00e9s dans des tableaux d\u2019identification.<\/p><\/blockquote><p><strong>Pr\u00e9parer des solutions utilisables au laboratoire<\/strong><\/p><blockquote><p>La pr\u00e9paration de solutions n\u00e9cessite de prendre en compte les caract\u00e9ristiques de la solution \u00e0 pr\u00e9parer, de choisir le mat\u00e9riel appropri\u00e9, de poser les calculs utiles et d\u2019adapter ses gestes en cons\u00e9quence.<\/p><\/blockquote><p><strong>D\u00e9tecter et caract\u00e9riser les bio-mol\u00e9cules<\/strong><\/p><blockquote><p><img decoding=\"async\" class=\"aligncenter\" src=\"http:\/\/www.lyceecharlescoulomb.fr\/site\/wp-content\/uploads\/2019\/11\/stl_5.png\" alt=\"\" \/><\/p><p>Les biomol\u00e9cules peuvent \u00eatre d\u00e9tect\u00e9es et caract\u00e9ris\u00e9es par leurs propri\u00e9t\u00e9s biochimiques ou physiques. Il s\u2019agit d\u2019une approche qualitative pour rep\u00e9rer la pr\u00e9sence de la mol\u00e9cule mais sans \u00e9valuer sa quantit\u00e9 ou sa concentration.<\/p><\/blockquote><p><strong>S\u00e9parer les composants d\u2019un m\u00e9lange <\/strong><\/p><blockquote><p>Les composants d\u2019un m\u00e9lange sont s\u00e9par\u00e9s, soit pour \u00eatre identifi\u00e9s \u00e0 l\u2019aide de solutions \u00ab t\u00e9moin \u00bb ou de r\u00e9f\u00e9rence, soit pour \u00eatre collect\u00e9s dans des solutions distinctes. Seules les techniques chromatographiques sont \u00e9tudi\u00e9es en premi\u00e8re.<\/p><\/blockquote><p><strong>S\u2019initier aux techniques du g\u00e9nie g\u00e9n\u00e9tique<\/strong><\/p><blockquote><p>L\u2019ADN de micro-organisme est pr\u00e9par\u00e9 soit pour r\u00e9aliser une identification (empreinte g\u00e9n\u00e9tique), soit pour \u00eatre transf\u00e9r\u00e9 dans un autre organisme (clonage d\u2019un plasmide \u00e0 expression) qui en acquiert ainsi le caract\u00e8re (bioluminescence).<\/p><\/blockquote><p><a href=\"http:\/\/www.lyceecharlescoulomb.fr\/site\/wp-content\/uploads\/2022\/03\/Plaquette-Bac-STL.pdf\" target=\"_blank\" rel=\"noopener\"><img decoding=\"async\" class=\"aligncenter size-medium wp-image-3659\" src=\"http:\/\/www.lyceecharlescoulomb.fr\/site\/wp-content\/uploads\/2022\/01\/Plaquette-Bac-STL-212x300.png\" alt=\"\" width=\"212\" height=\"300\" srcset=\"http:\/\/www.lyceecharlescoulomb.fr\/site\/wp-content\/uploads\/2022\/01\/Plaquette-Bac-STL-212x300.png 212w, http:\/\/www.lyceecharlescoulomb.fr\/site\/wp-content\/uploads\/2022\/01\/Plaquette-Bac-STL-724x1024.png 724w, http:\/\/www.lyceecharlescoulomb.fr\/site\/wp-content\/uploads\/2022\/01\/Plaquette-Bac-STL-768x1087.png 768w, http:\/\/www.lyceecharlescoulomb.fr\/site\/wp-content\/uploads\/2022\/01\/Plaquette-Bac-STL.png 826w\" sizes=\"(max-width: 212px) 100vw, 212px\" \/><\/a><\/p>\t\t\t\t\t\t\t\t<\/div>\n\t\t\t\t<\/div>\n\t\t\t\t\t<\/div>\n\t\t<\/div>\n\t\t\t\t\t<\/div>\n\t\t<\/section>\n\t\t\t\t<\/div>\n\t\t","protected":false},"excerpt":{"rendered":"<p>Vid\u00e9o de pr\u00e9sentation :https:\/\/www.youtube.com\/watch?v=2wRyfcu3vDU&#038;list=PLl9So9TbGHdvVkrSOxnslx8g9uDSLhVZv Sciences et Technologies de Laboratoire Objectifs Pour ceux qui s\u2019int\u00e9ressent \u00e0 la biologie et qui sont attir\u00e9s par les manipulations en laboratoire, la s\u00e9rie Sciences et [&hellip;]<\/p>\n","protected":false},"author":1,"featured_media":0,"parent":741,"menu_order":2,"comment_status":"closed","ping_status":"closed","template":"","meta":{"ocean_post_layout":"","ocean_both_sidebars_style":"","ocean_both_sidebars_content_width":0,"ocean_both_sidebars_sidebars_width":0,"ocean_sidebar":"0","ocean_second_sidebar":"0","ocean_disable_margins":"enable","ocean_add_body_class":"","ocean_shortcode_before_top_bar":"","ocean_shortcode_after_top_bar":"","ocean_shortcode_before_header":"","ocean_shortcode_after_header":"","ocean_has_shortcode":"","ocean_shortcode_after_title":"","ocean_shortcode_before_footer_widgets":"","ocean_shortcode_after_footer_widgets":"","ocean_shortcode_before_footer_bottom":"","ocean_shortcode_after_footer_bottom":"","ocean_display_top_bar":"default","ocean_display_header":"default","ocean_header_style":"","ocean_center_header_left_menu":"0","ocean_custom_header_template":"0","ocean_custom_logo":0,"ocean_custom_retina_logo":0,"ocean_custom_logo_max_width":0,"ocean_custom_logo_tablet_max_width":0,"ocean_custom_logo_mobile_max_width":0,"ocean_custom_logo_max_height":0,"ocean_custom_logo_tablet_max_height":0,"ocean_custom_logo_mobile_max_height":0,"ocean_header_custom_menu":"0","ocean_menu_typo_font_family":"0","ocean_menu_typo_font_subset":"","ocean_menu_typo_font_size":0,"ocean_menu_typo_font_size_tablet":0,"ocean_menu_typo_font_size_mobile":0,"ocean_menu_typo_font_size_unit":"px","ocean_menu_typo_font_weight":"","ocean_menu_typo_font_weight_tablet":"","ocean_menu_typo_font_weight_mobile":"","ocean_menu_typo_transform":"","ocean_menu_typo_transform_tablet":"","ocean_menu_typo_transform_mobile":"","ocean_menu_typo_line_height":0,"ocean_menu_typo_line_height_tablet":0,"ocean_menu_typo_line_height_mobile":0,"ocean_menu_typo_line_height_unit":"","ocean_menu_typo_spacing":0,"ocean_menu_typo_spacing_tablet":0,"ocean_menu_typo_spacing_mobile":0,"ocean_menu_typo_spacing_unit":"","ocean_menu_link_color":"","ocean_menu_link_color_hover":"","ocean_menu_link_color_active":"","ocean_menu_link_background":"","ocean_menu_link_hover_background":"","ocean_menu_link_active_background":"","ocean_menu_social_links_bg":"","ocean_menu_social_hover_links_bg":"","ocean_menu_social_links_color":"","ocean_menu_social_hover_links_color":"","ocean_disable_title":"default","ocean_disable_heading":"default","ocean_post_title":"","ocean_post_subheading":"","ocean_post_title_style":"","ocean_post_title_background_color":"","ocean_post_title_background":0,"ocean_post_title_bg_image_position":"","ocean_post_title_bg_image_attachment":"","ocean_post_title_bg_image_repeat":"","ocean_post_title_bg_image_size":"","ocean_post_title_height":0,"ocean_post_title_bg_overlay":0.5,"ocean_post_title_bg_overlay_color":"","ocean_disable_breadcrumbs":"default","ocean_breadcrumbs_color":"","ocean_breadcrumbs_separator_color":"","ocean_breadcrumbs_links_color":"","ocean_breadcrumbs_links_hover_color":"","ocean_display_footer_widgets":"default","ocean_display_footer_bottom":"default","ocean_custom_footer_template":"0","footnotes":""},"class_list":["post-751","page","type-page","status-publish","hentry","entry"],"_links":{"self":[{"href":"http:\/\/www.lyceecharlescoulomb.fr\/site\/index.php?rest_route=\/wp\/v2\/pages\/751","targetHints":{"allow":["GET"]}}],"collection":[{"href":"http:\/\/www.lyceecharlescoulomb.fr\/site\/index.php?rest_route=\/wp\/v2\/pages"}],"about":[{"href":"http:\/\/www.lyceecharlescoulomb.fr\/site\/index.php?rest_route=\/wp\/v2\/types\/page"}],"author":[{"embeddable":true,"href":"http:\/\/www.lyceecharlescoulomb.fr\/site\/index.php?rest_route=\/wp\/v2\/users\/1"}],"replies":[{"embeddable":true,"href":"http:\/\/www.lyceecharlescoulomb.fr\/site\/index.php?rest_route=%2Fwp%2Fv2%2Fcomments&post=751"}],"version-history":[{"count":21,"href":"http:\/\/www.lyceecharlescoulomb.fr\/site\/index.php?rest_route=\/wp\/v2\/pages\/751\/revisions"}],"predecessor-version":[{"id":6386,"href":"http:\/\/www.lyceecharlescoulomb.fr\/site\/index.php?rest_route=\/wp\/v2\/pages\/751\/revisions\/6386"}],"up":[{"embeddable":true,"href":"http:\/\/www.lyceecharlescoulomb.fr\/site\/index.php?rest_route=\/wp\/v2\/pages\/741"}],"wp:attachment":[{"href":"http:\/\/www.lyceecharlescoulomb.fr\/site\/index.php?rest_route=%2Fwp%2Fv2%2Fmedia&parent=751"}],"curies":[{"name":"wp","href":"https:\/\/api.w.org\/{rel}","templated":true}]}}