{"id":573,"date":"2019-09-21T22:38:41","date_gmt":"2019-09-21T20:38:41","guid":{"rendered":"http:\/\/www.lyceecharlescoulomb.fr\/site\/?page_id=573"},"modified":"2019-10-23T15:02:50","modified_gmt":"2019-10-23T13:02:50","slug":"3-prepametiers","status":"publish","type":"page","link":"https:\/\/www.lyceecharlescoulomb.fr\/site\/?page_id=573","title":{"rendered":"3 Pr\u00e9paM\u00e9tiers"},"content":{"rendered":"\t\t<div data-elementor-type=\"wp-post\" data-elementor-id=\"573\" class=\"elementor elementor-573\">\n\t\t\t\t\t\t<section class=\"elementor-section elementor-top-section elementor-element elementor-element-7b7697b7 elementor-section-boxed elementor-section-height-default elementor-section-height-default\" data-id=\"7b7697b7\" data-element_type=\"section\" data-e-type=\"section\">\n\t\t\t\t\t\t<div class=\"elementor-container elementor-column-gap-default\">\n\t\t\t\t\t<div class=\"elementor-column elementor-col-100 elementor-top-column elementor-element elementor-element-2b77ecd6\" data-id=\"2b77ecd6\" data-element_type=\"column\" data-e-type=\"column\">\n\t\t\t<div class=\"elementor-widget-wrap elementor-element-populated\">\n\t\t\t\t\t\t<div class=\"elementor-element elementor-element-39bfca9d elementor-widget elementor-widget-image\" data-id=\"39bfca9d\" data-element_type=\"widget\" data-e-type=\"widget\" data-widget_type=\"image.default\">\n\t\t\t\t<div class=\"elementor-widget-container\">\n\t\t\t\t\t\t\t\t\t\t\t\t\t\t\t<img decoding=\"async\" src=\"https:\/\/www.lyceecharlescoulomb.fr\/site\/wp-content\/uploads\/2019\/10\/prepametiers.png\" title=\"prepametiers\" alt=\"prepametiers\" loading=\"lazy\" \/>\t\t\t\t\t\t\t\t\t\t\t\t\t\t\t<\/div>\n\t\t\t\t<\/div>\n\t\t\t\t\t<\/div>\n\t\t<\/div>\n\t\t\t\t\t<\/div>\n\t\t<\/section>\n\t\t\t\t<section class=\"elementor-section elementor-top-section elementor-element elementor-element-1a21cbcb elementor-section-boxed elementor-section-height-default elementor-section-height-default\" data-id=\"1a21cbcb\" data-element_type=\"section\" data-e-type=\"section\">\n\t\t\t\t\t\t<div class=\"elementor-container elementor-column-gap-default\">\n\t\t\t\t\t<div class=\"elementor-column elementor-col-100 elementor-top-column elementor-element elementor-element-163d8830\" data-id=\"163d8830\" data-element_type=\"column\" data-e-type=\"column\">\n\t\t\t<div class=\"elementor-widget-wrap elementor-element-populated\">\n\t\t\t\t\t\t<div class=\"elementor-element elementor-element-6dc763ee elementor-widget elementor-widget-heading\" data-id=\"6dc763ee\" data-element_type=\"widget\" data-e-type=\"widget\" data-widget_type=\"heading.default\">\n\t\t\t\t<div class=\"elementor-widget-container\">\n\t\t\t\t\t<h2 class=\"elementor-heading-title elementor-size-default\">3\u00e8me Pr\u00e9paM\u00e9tiers<\/h2>\t\t\t\t<\/div>\n\t\t\t\t<\/div>\n\t\t\t\t<div class=\"elementor-element elementor-element-49b81183 elementor-tabs-view-horizontal elementor-widget elementor-widget-tabs\" data-id=\"49b81183\" data-element_type=\"widget\" data-e-type=\"widget\" data-widget_type=\"tabs.default\">\n\t\t\t\t<div class=\"elementor-widget-container\">\n\t\t\t\t\t\t\t<div class=\"elementor-tabs\">\n\t\t\t<div class=\"elementor-tabs-wrapper\" role=\"tablist\" >\n\t\t\t\t\t\t\t\t\t<div id=\"elementor-tab-title-1231\" class=\"elementor-tab-title elementor-tab-desktop-title\" aria-selected=\"true\" data-tab=\"1\" role=\"tab\" tabindex=\"0\" aria-controls=\"elementor-tab-content-1231\" aria-expanded=\"false\">Objectifs<\/div>\n\t\t\t\t\t\t\t\t\t<div id=\"elementor-tab-title-1232\" class=\"elementor-tab-title elementor-tab-desktop-title\" aria-selected=\"false\" data-tab=\"2\" role=\"tab\" tabindex=\"-1\" aria-controls=\"elementor-tab-content-1232\" aria-expanded=\"false\">Admission<\/div>\n\t\t\t\t\t\t\t\t\t<div id=\"elementor-tab-title-1233\" class=\"elementor-tab-title elementor-tab-desktop-title\" aria-selected=\"false\" data-tab=\"3\" role=\"tab\" tabindex=\"-1\" aria-controls=\"elementor-tab-content-1233\" aria-expanded=\"false\">Contenu<\/div>\n\t\t\t\t\t\t\t\t\t<div id=\"elementor-tab-title-1234\" class=\"elementor-tab-title elementor-tab-desktop-title\" aria-selected=\"false\" data-tab=\"4\" role=\"tab\" tabindex=\"-1\" aria-controls=\"elementor-tab-content-1234\" aria-expanded=\"false\">Apr\u00e8s la 3\u00e8me<\/div>\n\t\t\t\t\t\t\t<\/div>\n\t\t\t<div class=\"elementor-tabs-content-wrapper\" role=\"tablist\" aria-orientation=\"vertical\">\n\t\t\t\t\t\t\t\t\t<div class=\"elementor-tab-title elementor-tab-mobile-title\" aria-selected=\"true\" data-tab=\"1\" role=\"tab\" tabindex=\"0\" aria-controls=\"elementor-tab-content-1231\" aria-expanded=\"false\">Objectifs<\/div>\n\t\t\t\t\t<div id=\"elementor-tab-content-1231\" class=\"elementor-tab-content elementor-clearfix\" data-tab=\"1\" role=\"tabpanel\" aria-labelledby=\"elementor-tab-title-1231\" tabindex=\"0\" hidden=\"false\"><div id=\"CalqueOnglet1\"><p>La classe de 3\u00b0 pr\u00e9paratoire professionnelle est une classe d\u2019orientation et de transition.<\/p><ul><li>Elle permet aux \u00e9l\u00e8ves en difficult\u00e9 au coll\u00e8ge de saisir une nouvelle chance pour se r\u00e9adapter au syst\u00e8me scolaire. A travers un accueil particulier et un suivi personnalis\u00e9, l\u2019\u00e9l\u00e8ve sera appel\u00e9 \u00e0 prendre en charge son travail et son comportement en classe afin de rem\u00e9dier aux difficult\u00e9s ant\u00e9rieures.<\/li><li>Elle permet \u00e0 l\u2019\u00e9l\u00e8ve de construire son projet professionnel \u00e0 travers une d\u00e9couverte des m\u00e9tiers, du milieu professionnel, des formations professionnelles dispens\u00e9es dans l\u2019\u00e9tablissement, ainsi qu\u2019\u00e0 travers des stages de d\u00e9couverte en milieu professionnel.<\/li><\/ul><p>En fin d\u2019ann\u00e9e, l\u2019\u00e9l\u00e8ve et sa famille pourront ainsi construire, avec l\u2019aide des enseignants, le projet professionnel le mieux adapt\u00e9 aux possibilit\u00e9s et aux envies de l\u2019\u00e9l\u00e8ve.<\/p><\/div><\/div>\n\t\t\t\t\t\t\t\t\t<div class=\"elementor-tab-title elementor-tab-mobile-title\" aria-selected=\"false\" data-tab=\"2\" role=\"tab\" tabindex=\"-1\" aria-controls=\"elementor-tab-content-1232\" aria-expanded=\"false\">Admission<\/div>\n\t\t\t\t\t<div id=\"elementor-tab-content-1232\" class=\"elementor-tab-content elementor-clearfix\" data-tab=\"2\" role=\"tabpanel\" aria-labelledby=\"elementor-tab-title-1232\" tabindex=\"0\" hidden=\"hidden\"><div id=\"CalqueOnglet2\"><p>L\u2019orientation vers une 3\u00e8me Pr\u00e9pa pro se fait \u00e0 l\u2019issue de la classe de 4\u00e8me, sur proposition du conseil de classe et\/ou \u00e0 la demande de la famille de l\u2019\u00e9l\u00e8ve <strong>et<\/strong> apr\u00e8s une d\u00e9cision d\u00e9finitive de passage en troisi\u00e8me.<br \/>Les crit\u00e8res prioritairement retenus sont :<\/p><ul><li>le d\u00e9sir de l&rsquo;\u00e9l\u00e8ve de s&rsquo;orienter vers une fili\u00e8re professionnelle, m\u00eame si ce choix ne s&rsquo;exprime pas encore sous la forme d&rsquo;une orientation vers un m\u00e9tier pr\u00e9cis,<\/li><li>les situations de retard scolaire,<\/li><li>et tous les \u00e9l\u00e9ments de parcours en lien avec la d\u00e9couverte professionnelle.<\/li><\/ul><p>L&rsquo;admission est prononc\u00e9e par une commission d\u00e9partementale suite \u00e0 l&rsquo;examen d&rsquo;un dossier pr\u00e9alablement \u00e9tabli par le coll\u00e8ge.<\/p><\/div><p>.<\/p><\/div>\n\t\t\t\t\t\t\t\t\t<div class=\"elementor-tab-title elementor-tab-mobile-title\" aria-selected=\"false\" data-tab=\"3\" role=\"tab\" tabindex=\"-1\" aria-controls=\"elementor-tab-content-1233\" aria-expanded=\"false\">Contenu<\/div>\n\t\t\t\t\t<div id=\"elementor-tab-content-1233\" class=\"elementor-tab-content elementor-clearfix\" data-tab=\"3\" role=\"tabpanel\" aria-labelledby=\"elementor-tab-title-1233\" tabindex=\"0\" hidden=\"hidden\"><div id=\"CalqueOnglet3\"><p>Outre les habituelles mati\u00e8res rencontr\u00e9es d\u00e9j\u00e0 au coll\u00e8ge, l\u2019\u00e9l\u00e8ve de 3\u00b0 pr\u00e9pa pro b\u00e9n\u00e9ficiera de 6 heures hebdomadaire d\u2019enseignement sp\u00e9cifique lui permettant de d\u00e9couvrir \u00e0 la fois les diff\u00e9rents m\u00e9tiers et leurs caract\u00e9ristiques ainsi que diff\u00e9rentes techniques professionnelles industrielles.<\/p><p>Afin d&rsquo;appr\u00e9hender au mieux les difficult\u00e9s scolaires de l&rsquo;\u00e9l\u00e8ve, de nombreux enseignements sont dispens\u00e9s en petits groupes (12 \u00e9l\u00e8ves) favorisant ainsi une approche individualis\u00e9e et une aide personnalis\u00e9e.<\/p><p>Durant l\u2019ann\u00e9e scolaire, deux p\u00e9riodes de stage dans une entreprise de son choix (industrielle, artisanale, commerciale, etc.) permettront au jeune de d\u00e9couvrir la vie professionnelle, ses exigences et ses richesses et ainsi d\u2019affiner son projet professionnel.<\/p><\/div><\/div>\n\t\t\t\t\t\t\t\t\t<div class=\"elementor-tab-title elementor-tab-mobile-title\" aria-selected=\"false\" data-tab=\"4\" role=\"tab\" tabindex=\"-1\" aria-controls=\"elementor-tab-content-1234\" aria-expanded=\"false\">Apr\u00e8s la 3\u00e8me<\/div>\n\t\t\t\t\t<div id=\"elementor-tab-content-1234\" class=\"elementor-tab-content elementor-clearfix\" data-tab=\"4\" role=\"tabpanel\" aria-labelledby=\"elementor-tab-title-1234\" tabindex=\"0\" hidden=\"hidden\"><p>Les voies d&rsquo;orientation accessibles \u00e0 l&rsquo;issue de la 3\u00e8me Pr\u00e9pa pro sont celles correspondant \u00e0 une classe de 3\u00e8me de coll\u00e8ge.<br \/>Cependant, il s&rsquo;av\u00e8re que la voie professionnelle (CAP ou Bac professionnel) est plus appropri\u00e9e aux profils des \u00e9l\u00e8ves accueillis.<\/p><\/div>\n\t\t\t\t\t\t\t<\/div>\n\t\t<\/div>\n\t\t\t\t\t\t<\/div>\n\t\t\t\t<\/div>\n\t\t\t\t\t<\/div>\n\t\t<\/div>\n\t\t\t\t\t<\/div>\n\t\t<\/section>\n\t\t\t\t<\/div>\n\t\t","protected":false},"excerpt":{"rendered":"<p>3\u00e8me Pr\u00e9paM\u00e9tiers Objectifs Admission Contenu Apr\u00e8s la 3\u00e8me Objectifs La classe de 3\u00b0 pr\u00e9paratoire professionnelle est une classe d\u2019orientation et de transition. Elle permet aux \u00e9l\u00e8ves en difficult\u00e9 au coll\u00e8ge [&hellip;]<\/p>\n","protected":false},"author":1,"featured_media":0,"parent":142,"menu_order":4,"comment_status":"closed","ping_status":"closed","template":"","meta":{"ocean_post_layout":"","ocean_both_sidebars_style":"","ocean_both_sidebars_content_width":0,"ocean_both_sidebars_sidebars_width":0,"ocean_sidebar":"0","ocean_second_sidebar":"0","ocean_disable_margins":"enable","ocean_add_body_class":"","ocean_shortcode_before_top_bar":"","ocean_shortcode_after_top_bar":"","ocean_shortcode_before_header":"","ocean_shortcode_after_header":"","ocean_has_shortcode":"","ocean_shortcode_after_title":"","ocean_shortcode_before_footer_widgets":"","ocean_shortcode_after_footer_widgets":"","ocean_shortcode_before_footer_bottom":"","ocean_shortcode_after_footer_bottom":"","ocean_display_top_bar":"default","ocean_display_header":"default","ocean_header_style":"","ocean_center_header_left_menu":"0","ocean_custom_header_template":"0","ocean_custom_logo":0,"ocean_custom_retina_logo":0,"ocean_custom_logo_max_width":0,"ocean_custom_logo_tablet_max_width":0,"ocean_custom_logo_mobile_max_width":0,"ocean_custom_logo_max_height":0,"ocean_custom_logo_tablet_max_height":0,"ocean_custom_logo_mobile_max_height":0,"ocean_header_custom_menu":"0","ocean_menu_typo_font_family":"0","ocean_menu_typo_font_subset":"","ocean_menu_typo_font_size":0,"ocean_menu_typo_font_size_tablet":0,"ocean_menu_typo_font_size_mobile":0,"ocean_menu_typo_font_size_unit":"px","ocean_menu_typo_font_weight":"","ocean_menu_typo_font_weight_tablet":"","ocean_menu_typo_font_weight_mobile":"","ocean_menu_typo_transform":"","ocean_menu_typo_transform_tablet":"","ocean_menu_typo_transform_mobile":"","ocean_menu_typo_line_height":0,"ocean_menu_typo_line_height_tablet":0,"ocean_menu_typo_line_height_mobile":0,"ocean_menu_typo_line_height_unit":"","ocean_menu_typo_spacing":0,"ocean_menu_typo_spacing_tablet":0,"ocean_menu_typo_spacing_mobile":0,"ocean_menu_typo_spacing_unit":"","ocean_menu_link_color":"","ocean_menu_link_color_hover":"","ocean_menu_link_color_active":"","ocean_menu_link_background":"","ocean_menu_link_hover_background":"","ocean_menu_link_active_background":"","ocean_menu_social_links_bg":"","ocean_menu_social_hover_links_bg":"","ocean_menu_social_links_color":"","ocean_menu_social_hover_links_color":"","ocean_disable_title":"default","ocean_disable_heading":"default","ocean_post_title":"","ocean_post_subheading":"","ocean_post_title_style":"","ocean_post_title_background_color":"","ocean_post_title_background":0,"ocean_post_title_bg_image_position":"","ocean_post_title_bg_image_attachment":"","ocean_post_title_bg_image_repeat":"","ocean_post_title_bg_image_size":"","ocean_post_title_height":0,"ocean_post_title_bg_overlay":0.5,"ocean_post_title_bg_overlay_color":"","ocean_disable_breadcrumbs":"default","ocean_breadcrumbs_color":"","ocean_breadcrumbs_separator_color":"","ocean_breadcrumbs_links_color":"","ocean_breadcrumbs_links_hover_color":"","ocean_display_footer_widgets":"default","ocean_display_footer_bottom":"default","ocean_custom_footer_template":"0","footnotes":""},"class_list":["post-573","page","type-page","status-publish","hentry","entry"],"_links":{"self":[{"href":"https:\/\/www.lyceecharlescoulomb.fr\/site\/index.php?rest_route=\/wp\/v2\/pages\/573","targetHints":{"allow":["GET"]}}],"collection":[{"href":"https:\/\/www.lyceecharlescoulomb.fr\/site\/index.php?rest_route=\/wp\/v2\/pages"}],"about":[{"href":"https:\/\/www.lyceecharlescoulomb.fr\/site\/index.php?rest_route=\/wp\/v2\/types\/page"}],"author":[{"embeddable":true,"href":"https:\/\/www.lyceecharlescoulomb.fr\/site\/index.php?rest_route=\/wp\/v2\/users\/1"}],"replies":[{"embeddable":true,"href":"https:\/\/www.lyceecharlescoulomb.fr\/site\/index.php?rest_route=%2Fwp%2Fv2%2Fcomments&post=573"}],"version-history":[{"count":4,"href":"https:\/\/www.lyceecharlescoulomb.fr\/site\/index.php?rest_route=\/wp\/v2\/pages\/573\/revisions"}],"predecessor-version":[{"id":997,"href":"https:\/\/www.lyceecharlescoulomb.fr\/site\/index.php?rest_route=\/wp\/v2\/pages\/573\/revisions\/997"}],"up":[{"embeddable":true,"href":"https:\/\/www.lyceecharlescoulomb.fr\/site\/index.php?rest_route=\/wp\/v2\/pages\/142"}],"wp:attachment":[{"href":"https:\/\/www.lyceecharlescoulomb.fr\/site\/index.php?rest_route=%2Fwp%2Fv2%2Fmedia&parent=573"}],"curies":[{"name":"wp","href":"https:\/\/api.w.org\/{rel}","templated":true}]}}

3 PrépaMétiers

<div data-elementor-type="wp-post" data-elementor-id="573" class="elementor elementor-573">
						<section class="elementor-section elementor-top-section elementor-element elementor-element-7b7697b7 elementor-section-boxed elementor-section-height-default elementor-section-height-default" data-id="7b7697b7" data-element_type="section" data-e-type="section">
						<div class="elementor-container elementor-column-gap-default">
					<div class="elementor-column elementor-col-100 elementor-top-column elementor-element elementor-element-2b77ecd6" data-id="2b77ecd6" data-element_type="column" data-e-type="column">
			<div class="elementor-widget-wrap elementor-element-populated">
						<div class="elementor-element elementor-element-39bfca9d elementor-widget elementor-widget-image" data-id="39bfca9d" data-element_type="widget" data-e-type="widget" data-widget_type="image.default">
				<div class="elementor-widget-container">
															<img decoding="async" src="https://www.lyceecharlescoulomb.fr/site/wp-content/uploads/2019/10/prepametiers.png" title="prepametiers" alt="prepametiers" loading="lazy" />															</div>
				</div>
					</div>
		</div>
					</div>
		</section>
				<section class="elementor-section elementor-top-section elementor-element elementor-element-1a21cbcb elementor-section-boxed elementor-section-height-default elementor-section-height-default" data-id="1a21cbcb" data-element_type="section" data-e-type="section">
						<div class="elementor-container elementor-column-gap-default">
					<div class="elementor-column elementor-col-100 elementor-top-column elementor-element elementor-element-163d8830" data-id="163d8830" data-element_type="column" data-e-type="column">
			<div class="elementor-widget-wrap elementor-element-populated">
						<div class="elementor-element elementor-element-6dc763ee elementor-widget elementor-widget-heading" data-id="6dc763ee" data-element_type="widget" data-e-type="widget" data-widget_type="heading.default">
				<div class="elementor-widget-container">
					<h2 class="elementor-heading-title elementor-size-default">3ème PrépaMétiers</h2>				</div>
				</div>
				<div class="elementor-element elementor-element-49b81183 elementor-tabs-view-horizontal elementor-widget elementor-widget-tabs" data-id="49b81183" data-element_type="widget" data-e-type="widget" data-widget_type="tabs.default">
				<div class="elementor-widget-container">
							<div class="elementor-tabs">
			<div class="elementor-tabs-wrapper" role="tablist" >
									<div id="elementor-tab-title-1231" class="elementor-tab-title elementor-tab-desktop-title" aria-selected="true" data-tab="1" role="tab" tabindex="0" aria-controls="elementor-tab-content-1231" aria-expanded="false">Objectifs</div>
									<div id="elementor-tab-title-1232" class="elementor-tab-title elementor-tab-desktop-title" aria-selected="false" data-tab="2" role="tab" tabindex="-1" aria-controls="elementor-tab-content-1232" aria-expanded="false">Admission</div>
									<div id="elementor-tab-title-1233" class="elementor-tab-title elementor-tab-desktop-title" aria-selected="false" data-tab="3" role="tab" tabindex="-1" aria-controls="elementor-tab-content-1233" aria-expanded="false">Contenu</div>
									<div id="elementor-tab-title-1234" class="elementor-tab-title elementor-tab-desktop-title" aria-selected="false" data-tab="4" role="tab" tabindex="-1" aria-controls="elementor-tab-content-1234" aria-expanded="false">Après la 3ème</div>
							</div>
			<div class="elementor-tabs-content-wrapper" role="tablist" aria-orientation="vertical">
									<div class="elementor-tab-title elementor-tab-mobile-title" aria-selected="true" data-tab="1" role="tab" tabindex="0" aria-controls="elementor-tab-content-1231" aria-expanded="false">Objectifs</div>
					<div id="elementor-tab-content-1231" class="elementor-tab-content elementor-clearfix" data-tab="1" role="tabpanel" aria-labelledby="elementor-tab-title-1231" tabindex="0" hidden="false"><div id="CalqueOnglet1"><p>La classe de 3° préparatoire professionnelle est une classe d’orientation et de transition.</p><ul><li>Elle permet aux élèves en difficulté au collège de saisir une nouvelle chance pour se réadapter au système scolaire. A travers un accueil particulier et un suivi personnalisé, l’élève sera appelé à prendre en charge son travail et son comportement en classe afin de remédier aux difficultés antérieures.</li><li>Elle permet à l’élève de construire son projet professionnel à travers une découverte des métiers, du milieu professionnel, des formations professionnelles dispensées dans l’établissement, ainsi qu’à travers des stages de découverte en milieu professionnel.</li></ul><p>En fin d’année, l’élève et sa famille pourront ainsi construire, avec l’aide des enseignants, le projet professionnel le mieux adapté aux possibilités et aux envies de l’élève.</p></div></div>
									<div class="elementor-tab-title elementor-tab-mobile-title" aria-selected="false" data-tab="2" role="tab" tabindex="-1" aria-controls="elementor-tab-content-1232" aria-expanded="false">Admission</div>
					<div id="elementor-tab-content-1232" class="elementor-tab-content elementor-clearfix" data-tab="2" role="tabpanel" aria-labelledby="elementor-tab-title-1232" tabindex="0" hidden="hidden"><div id="CalqueOnglet2"><p>L’orientation vers une 3ème Prépa pro se fait à l’issue de la classe de 4ème, sur proposition du conseil de classe et/ou à la demande de la famille de l’élève <strong>et</strong> après une décision définitive de passage en troisième.<br />Les critères prioritairement retenus sont :</p><ul><li>le désir de l&rsquo;élève de s&rsquo;orienter vers une filière professionnelle, même si ce choix ne s&rsquo;exprime pas encore sous la forme d&rsquo;une orientation vers un métier précis,</li><li>les situations de retard scolaire,</li><li>et tous les éléments de parcours en lien avec la découverte professionnelle.</li></ul><p>L&rsquo;admission est prononcée par une commission départementale suite à l&rsquo;examen d&rsquo;un dossier préalablement établi par le collège.</p></div><p>.</p></div>
									<div class="elementor-tab-title elementor-tab-mobile-title" aria-selected="false" data-tab="3" role="tab" tabindex="-1" aria-controls="elementor-tab-content-1233" aria-expanded="false">Contenu</div>
					<div id="elementor-tab-content-1233" class="elementor-tab-content elementor-clearfix" data-tab="3" role="tabpanel" aria-labelledby="elementor-tab-title-1233" tabindex="0" hidden="hidden"><div id="CalqueOnglet3"><p>Outre les habituelles matières rencontrées déjà au collège, l’élève de 3° prépa pro bénéficiera de 6 heures hebdomadaire d’enseignement spécifique lui permettant de découvrir à la fois les différents métiers et leurs caractéristiques ainsi que différentes techniques professionnelles industrielles.</p><p>Afin d&rsquo;appréhender au mieux les difficultés scolaires de l&rsquo;élève, de nombreux enseignements sont dispensés en petits groupes (12 élèves) favorisant ainsi une approche individualisée et une aide personnalisée.</p><p>Durant l’année scolaire, deux périodes de stage dans une entreprise de son choix (industrielle, artisanale, commerciale, etc.) permettront au jeune de découvrir la vie professionnelle, ses exigences et ses richesses et ainsi d’affiner son projet professionnel.</p></div></div>
									<div class="elementor-tab-title elementor-tab-mobile-title" aria-selected="false" data-tab="4" role="tab" tabindex="-1" aria-controls="elementor-tab-content-1234" aria-expanded="false">Après la 3ème</div>
					<div id="elementor-tab-content-1234" class="elementor-tab-content elementor-clearfix" data-tab="4" role="tabpanel" aria-labelledby="elementor-tab-title-1234" tabindex="0" hidden="hidden"><p>Les voies d&rsquo;orientation accessibles à l&rsquo;issue de la 3ème Prépa pro sont celles correspondant à une classe de 3ème de collège.<br />Cependant, il s&rsquo;avère que la voie professionnelle (CAP ou Bac professionnel) est plus appropriée aux profils des élèves accueillis.</p></div>
							</div>
		</div>
						</div>
				</div>
					</div>
		</div>
					</div>
		</section>
				</div>

<p>3ème PrépaMétiers Objectifs Admission Contenu Après la 3ème Objectifs La classe de 3° préparatoire professionnelle est une classe d’orientation et de transition. Elle permet aux élèves en difficulté au collège [&hellip;]</p>
