{"id":914,"date":"2019-10-22T15:05:19","date_gmt":"2019-10-22T13:05:19","guid":{"rendered":"http:\/\/www.lyceecharlescoulomb.fr\/site\/?page_id=914"},"modified":"2025-08-27T13:15:11","modified_gmt":"2025-08-27T11:15:11","slug":"nous-joindre","status":"publish","type":"page","link":"https:\/\/www.lyceecharlescoulomb.fr\/site\/?page_id=914","title":{"rendered":"Nous joindre"},"content":{"rendered":"<h2 style=\"text-align: center;\"><strong>Lyc\u00e9e Charles Augustin Coulomb<\/strong><\/h2>\n<p><strong>Lyc\u00e9e Charles A. Coulomb<\/strong><br \/>\n<strong>All\u00e9e Joachim du Bellay<\/strong><br \/>\n<strong>16000 Angoul\u00eame<\/strong><\/p>\n<hr \/>\n<h3 style=\"text-align: center;\">Standard<\/h3>\n<p><strong>T\u00e9l : 05 45 61 83 00<\/strong><br \/>\n<strong>Fax: 05 45 61 83 28<\/strong><\/p>\n<hr \/>\n<h3 style=\"text-align: center;\">Secr\u00e9tariat de direction<\/h3>\n<p><strong>T\u00e9l : <\/strong>05 45 61 83 03<\/p>\n<p><strong>Courriel Secr\u00e9tariat de direction :<\/strong><strong><a href=\"mailto:ce.0160004T@ac-poitiers.fr\">ce.0160004t@ac-poitiers.fr\u00a0<\/a><\/strong><\/p>\n<hr \/>\n<h3 style=\"text-align: center;\"><strong><span style=\"color: #003366;\">Secr\u00e9tariat des \u00e9l\u00e8ves du Lyc\u00e9e <span style=\"text-decoration: underline;\">G\u00e9n\u00e9ral et Technologique<\/span><\/span><\/strong><\/h3>\n<p><strong><span style=\"color: #003366;\">T\u00e9l(s) :<\/span><\/strong><\/p>\n<ol>\n<li><strong><span style=\"color: #003366;\">05 45 61 83 04<\/span><\/strong><\/li>\n<li><strong><span style=\"color: #003366;\">05 45 61 83 05<\/span><\/strong><\/li>\n<\/ol>\n<p><strong><span style=\"color: #003366;\">Courriel Secr\u00e9tariat des \u00e9l\u00e8ves du LGT : <a style=\"color: #003366;\" href=\"mailto:secretariat.charlescoulomb@ac-poitiers.fr\">secretariat.charlescoulomb@ac-poitiers.fr<\/a><\/span><\/strong><\/p>\n<hr \/>\n<p style=\"text-align: center;\"><strong><span style=\"font-size: 14pt; color: #ff00ff;\">Secr\u00e9tariat des \u00e9l\u00e8ves du Lyc\u00e9e <span style=\"text-decoration: underline;\">Professionnel<\/span><\/span><\/strong><\/p>\n<p><strong><span style=\"color: #ff00ff;\">T\u00e9l(s) :<\/span><\/strong><\/p>\n<p><strong><span style=\"color: #ff00ff;\">05 45 61 83 18<\/span><\/strong><\/p>\n<p><strong><span style=\"color: #ff00ff;\">Courriel Secr\u00e9tariat des \u00e9l\u00e8ves du LP : <a style=\"color: #ff00ff;\" href=\"mailto:secretariatlpcoulomb@ac-poitiers.fr\">secretariatlpcoulomb@ac-poitiers.fr<\/a><\/span><\/strong><\/p>\n<hr \/>\n<h3 style=\"text-align: center;\">Service Vie scolaire<\/h3>\n<p><strong>T\u00e9l :<\/strong> 05 45 61 83 12<\/p>\n<p>Courriel : <span data-start=\"683\" data-end=\"721\"><a class=\"decorated-link cursor-pointer\" rel=\"noopener\" data-start=\"685\" data-end=\"719\">viescolaire.coulomb@ac-poitiers.fr<\/a><\/span><\/p>\n<hr \/>\n<h3 style=\"text-align: center;\">Secr\u00e9tariat DDFPT<\/h3>\n<p><strong>T\u00e9l :<\/strong>\u00a0 05 45 61 83 18<\/p>\n<hr \/>\n<h3 style=\"text-align: center;\">Services Frais scolaires<\/h3>\n<p><strong>T\u00e9l :<\/strong> 05 45 61 83 08<\/p>\n<h3 style=\"text-align: center;\"><\/h3>\n<p>&nbsp;<\/p>\n","protected":false},"excerpt":{"rendered":"<p>Lyc\u00e9e Charles Augustin Coulomb Lyc\u00e9e Charles A. Coulomb All\u00e9e Joachim du Bellay 16000 Angoul\u00eame Standard T\u00e9l : 05 45 61 83 00 Fax: 05 45 61 83 28 Secr\u00e9tariat de [&hellip;]<\/p>\n","protected":false},"author":1,"featured_media":0,"parent":912,"menu_order":1,"comment_status":"closed","ping_status":"closed","template":"","meta":{"ocean_post_layout":"","ocean_both_sidebars_style":"","ocean_both_sidebars_content_width":0,"ocean_both_sidebars_sidebars_width":0,"ocean_sidebar":"0","ocean_second_sidebar":"0","ocean_disable_margins":"enable","ocean_add_body_class":"","ocean_shortcode_before_top_bar":"","ocean_shortcode_after_top_bar":"","ocean_shortcode_before_header":"","ocean_shortcode_after_header":"","ocean_has_shortcode":"","ocean_shortcode_after_title":"","ocean_shortcode_before_footer_widgets":"","ocean_shortcode_after_footer_widgets":"","ocean_shortcode_before_footer_bottom":"","ocean_shortcode_after_footer_bottom":"","ocean_display_top_bar":"default","ocean_display_header":"default","ocean_header_style":"","ocean_center_header_left_menu":"0","ocean_custom_header_template":"0","ocean_custom_logo":0,"ocean_custom_retina_logo":0,"ocean_custom_logo_max_width":0,"ocean_custom_logo_tablet_max_width":0,"ocean_custom_logo_mobile_max_width":0,"ocean_custom_logo_max_height":0,"ocean_custom_logo_tablet_max_height":0,"ocean_custom_logo_mobile_max_height":0,"ocean_header_custom_menu":"0","ocean_menu_typo_font_family":"0","ocean_menu_typo_font_subset":"","ocean_menu_typo_font_size":0,"ocean_menu_typo_font_size_tablet":0,"ocean_menu_typo_font_size_mobile":0,"ocean_menu_typo_font_size_unit":"px","ocean_menu_typo_font_weight":"","ocean_menu_typo_font_weight_tablet":"","ocean_menu_typo_font_weight_mobile":"","ocean_menu_typo_transform":"","ocean_menu_typo_transform_tablet":"","ocean_menu_typo_transform_mobile":"","ocean_menu_typo_line_height":0,"ocean_menu_typo_line_height_tablet":0,"ocean_menu_typo_line_height_mobile":0,"ocean_menu_typo_line_height_unit":"","ocean_menu_typo_spacing":0,"ocean_menu_typo_spacing_tablet":0,"ocean_menu_typo_spacing_mobile":0,"ocean_menu_typo_spacing_unit":"","ocean_menu_link_color":"","ocean_menu_link_color_hover":"","ocean_menu_link_color_active":"","ocean_menu_link_background":"","ocean_menu_link_hover_background":"","ocean_menu_link_active_background":"","ocean_menu_social_links_bg":"","ocean_menu_social_hover_links_bg":"","ocean_menu_social_links_color":"","ocean_menu_social_hover_links_color":"","ocean_disable_title":"default","ocean_disable_heading":"default","ocean_post_title":"","ocean_post_subheading":"","ocean_post_title_style":"","ocean_post_title_background_color":"","ocean_post_title_background":0,"ocean_post_title_bg_image_position":"","ocean_post_title_bg_image_attachment":"","ocean_post_title_bg_image_repeat":"","ocean_post_title_bg_image_size":"","ocean_post_title_height":0,"ocean_post_title_bg_overlay":0.5,"ocean_post_title_bg_overlay_color":"","ocean_disable_breadcrumbs":"default","ocean_breadcrumbs_color":"","ocean_breadcrumbs_separator_color":"","ocean_breadcrumbs_links_color":"","ocean_breadcrumbs_links_hover_color":"","ocean_display_footer_widgets":"default","ocean_display_footer_bottom":"default","ocean_custom_footer_template":"0","footnotes":""},"class_list":["post-914","page","type-page","status-publish","hentry","entry"],"_links":{"self":[{"href":"https:\/\/www.lyceecharlescoulomb.fr\/site\/index.php?rest_route=\/wp\/v2\/pages\/914","targetHints":{"allow":["GET"]}}],"collection":[{"href":"https:\/\/www.lyceecharlescoulomb.fr\/site\/index.php?rest_route=\/wp\/v2\/pages"}],"about":[{"href":"https:\/\/www.lyceecharlescoulomb.fr\/site\/index.php?rest_route=\/wp\/v2\/types\/page"}],"author":[{"embeddable":true,"href":"https:\/\/www.lyceecharlescoulomb.fr\/site\/index.php?rest_route=\/wp\/v2\/users\/1"}],"replies":[{"embeddable":true,"href":"https:\/\/www.lyceecharlescoulomb.fr\/site\/index.php?rest_route=%2Fwp%2Fv2%2Fcomments&post=914"}],"version-history":[{"count":16,"href":"https:\/\/www.lyceecharlescoulomb.fr\/site\/index.php?rest_route=\/wp\/v2\/pages\/914\/revisions"}],"predecessor-version":[{"id":6359,"href":"https:\/\/www.lyceecharlescoulomb.fr\/site\/index.php?rest_route=\/wp\/v2\/pages\/914\/revisions\/6359"}],"up":[{"embeddable":true,"href":"https:\/\/www.lyceecharlescoulomb.fr\/site\/index.php?rest_route=\/wp\/v2\/pages\/912"}],"wp:attachment":[{"href":"https:\/\/www.lyceecharlescoulomb.fr\/site\/index.php?rest_route=%2Fwp%2Fv2%2Fmedia&parent=914"}],"curies":[{"name":"wp","href":"https:\/\/api.w.org\/{rel}","templated":true}]}}